CRAN Package Check Results for Package MultivariateAnalysis

Last updated on 2024-02-21 21:49:45 CET.

Flavor Version Tinstall Tcheck Ttotal Status Flags
r-devel-linux-x86_64-debian-clang 0.4.4 NOTE
r-devel-linux-x86_64-debian-gcc 0.4.4 8.04 103.61 111.65 NOTE
r-devel-linux-x86_64-fedora-clang 0.4.4 189.03 NOTE
r-devel-linux-x86_64-fedora-gcc 0.4.4 200.28 NOTE
r-devel-windows-x86_64 0.4.4 12.00 125.00 137.00 OK
r-patched-linux-x86_64 0.4.4 15.58 133.23 148.81 OK
r-release-linux-x86_64 0.4.4 11.50 131.48 142.98 OK
r-release-macos-arm64 0.4.4 71.00 OK
r-release-macos-x86_64 0.4.4 100.00 OK
r-release-windows-x86_64 0.4.4 15.00 147.00 162.00 OK
r-oldrel-macos-arm64 0.4.4 46.00 OK
r-oldrel-windows-x86_64 0.4.4 15.00 147.00 162.00 OK

Check Details

Version: 0.4.4
Check: Rd files
Result: NOTE checkRd: (-1) Distancia.Rd:148: Lost braces 148 | /code{/link{dist}/} | ^ checkRd: (-1) Distancia.Rd:148: Lost braces 148 | /code{/link{dist}/} | ^ checkRd: (-1) HeatPlot.Rd:81: Lost braces 81 | /code{/link{Distancia}/} ,/code{/link{Dendrograma}/}, /code{/link{heatplot}/} | ^ checkRd: (-1) HeatPlot.Rd:81: Lost braces 81 | /code{/link{Distancia}/} ,/code{/link{Dendrograma}/}, /code{/link{heatplot}/} | ^ checkRd: (-1) HeatPlot.Rd:81: Lost braces 81 | /code{/link{Distancia}/} ,/code{/link{Dendrograma}/}, /code{/link{heatplot}/} | ^ checkRd: (-1) HeatPlot.Rd:81: Lost braces 81 | /code{/link{Distancia}/} ,/code{/link{Dendrograma}/}, /code{/link{heatplot}/} | ^ checkRd: (-1) HeatPlot.Rd:81: Lost braces 81 | /code{/link{Distancia}/} ,/code{/link{Dendrograma}/}, /code{/link{heatplot}/} | ^ checkRd: (-1) HeatPlot.Rd:81: Lost braces 81 | /code{/link{Distancia}/} ,/code{/link{Dendrograma}/}, /code{/link{heatplot}/} | ^ checkRd: (-1) Normatiza.Rd:55: Lost braces 55 | /code{/link{dist}/} | ^ checkRd: (-1) Normatiza.Rd:55: Lost braces 55 | /code{/link{dist}/} | ^ checkRd: (-1) SummaryDistancia.Rd:98: Lost braces 98 | /code{/link{dist}/} | ^ checkRd: (-1) SummaryDistancia.Rd:98: Lost braces 98 | /code{/link{dist}/} | ^ Flavors: r-devel-linux-x86_64-debian-clang, r-devel-linux-x86_64-debian-gcc, r-devel-linux-x86_64-fedora-clang, r-devel-linux-x86_64-fedora-gcc