Last updated on 2023-11-28 09:52:03 CET.
Flavor | Version | Tinstall | Tcheck | Ttotal | Status | Flags |
---|---|---|---|---|---|---|
r-devel-linux-x86_64-debian-clang | 10.3 | 66.44 | 343.81 | 410.25 | NOTE | |
r-devel-linux-x86_64-debian-gcc | 10.3 | 48.31 | 243.02 | 291.33 | NOTE | |
r-devel-linux-x86_64-fedora-clang | 10.4 | 522.74 | NOTE | |||
r-devel-linux-x86_64-fedora-gcc | 10.4 | 522.23 | NOTE | |||
r-devel-windows-x86_64 | 10.3 | 61.00 | 272.00 | 333.00 | NOTE | |
r-patched-linux-x86_64 | 10.3 | 66.46 | 309.24 | 375.70 | NOTE | |
r-release-linux-x86_64 | 10.3 | 50.88 | 311.78 | 362.66 | NOTE | |
r-release-macos-arm64 | 10.3 | 133.00 | NOTE | |||
r-release-macos-x86_64 | 10.3 | 219.00 | NOTE | |||
r-release-windows-x86_64 | 10.4 | 56.00 | 303.00 | 359.00 | NOTE | |
r-oldrel-macos-arm64 | 10.3 | 127.00 | NOTE | |||
r-oldrel-macos-x86_64 | 10.2 | 178.00 | NOTE | |||
r-oldrel-windows-x86_64 | 10.3 | 73.00 | 319.00 | 392.00 | NOTE |
Version: 10.3
Check: for GNU extensions in Makefiles
Result: NOTE
GNU make is a SystemRequirements.
Flavors: r-devel-linux-x86_64-debian-clang, r-devel-linux-x86_64-debian-gcc, r-devel-windows-x86_64, r-patched-linux-x86_64, r-release-linux-x86_64, r-release-macos-arm64, r-release-macos-x86_64, r-oldrel-macos-arm64, r-oldrel-windows-x86_64
Version: 10.4
Check: for GNU extensions in Makefiles
Result: NOTE
GNU make is a SystemRequirements.
Flavors: r-devel-linux-x86_64-fedora-clang, r-devel-linux-x86_64-fedora-gcc, r-release-windows-x86_64
Version: 10.2
Check: for GNU extensions in Makefiles
Result: NOTE
GNU make is a SystemRequirements.
Flavor: r-oldrel-macos-x86_64