CRAN Package Check Results for Package NSM3

Last updated on 2024-06-23 22:48:36 CEST.

Flavor Version Tinstall Tcheck Ttotal Status Flags
r-devel-linux-x86_64-debian-clang 1.18 29.70 354.02 383.72 NOTE
r-devel-linux-x86_64-debian-gcc 1.18 21.85 242.83 264.68 NOTE
r-devel-linux-x86_64-fedora-clang 1.18 497.03 NOTE
r-devel-linux-x86_64-fedora-gcc 1.18 439.17 NOTE
r-devel-windows-x86_64 1.18 26.00 256.00 282.00 NOTE
r-patched-linux-x86_64 1.18 20.18 333.33 353.51 NOTE
r-release-linux-x86_64 1.18 17.99 332.92 350.91 NOTE
r-release-macos-arm64 1.18 105.00 NOTE
r-release-macos-x86_64 1.18 164.00 NOTE
r-release-windows-x86_64 1.18 27.00 260.00 287.00 NOTE
r-oldrel-macos-arm64 1.18 95.00 OK
r-oldrel-macos-x86_64 1.18 242.00 OK
r-oldrel-windows-x86_64 1.18 37.00 348.00 385.00 OK

Check Details

Version: 1.18
Check: Rd files
Result: NOTE checkRd: (-1) svr.df.Rd:13: Lost braces 13 | \item{z}{the vector of zi = min{Xi, Yi}} | ^ Flavors: r-devel-linux-x86_64-debian-clang, r-devel-linux-x86_64-debian-gcc, r-devel-linux-x86_64-fedora-clang, r-devel-linux-x86_64-fedora-gcc, r-devel-windows-x86_64, r-patched-linux-x86_64, r-release-linux-x86_64, r-release-macos-arm64, r-release-macos-x86_64, r-release-windows-x86_64