Last updated on 2023-12-10 04:56:06 CET.
Flavor | Version | Tinstall | Tcheck | Ttotal | Status | Flags |
---|---|---|---|---|---|---|
r-devel-linux-x86_64-debian-clang | 1.0.0 | 3.85 | 377.41 | 381.26 | NOTE | |
r-devel-linux-x86_64-debian-gcc | 1.0.0 | 2.99 | 283.96 | 286.95 | NOTE | |
r-devel-linux-x86_64-fedora-clang | 1.0.0 | 461.85 | NOTE | |||
r-devel-linux-x86_64-fedora-gcc | 1.0.0 | 484.96 | NOTE | |||
r-devel-windows-x86_64 | 1.0.0 | 5.00 | 252.00 | 257.00 | NOTE | |
r-patched-linux-x86_64 | 1.0.0 | 2.58 | 384.99 | 387.57 | NOTE | |
r-release-linux-x86_64 | 1.0.0 | 2.51 | 366.91 | 369.42 | NOTE | |
r-release-macos-arm64 | 1.0.0 | 124.00 | NOTE | |||
r-release-macos-x86_64 | 1.0.0 | 223.00 | NOTE | |||
r-release-windows-x86_64 | 1.0.0 | 6.00 | 354.00 | 360.00 | NOTE | |
r-oldrel-macos-arm64 | 1.0.0 | 97.00 | NOTE | |||
r-oldrel-macos-x86_64 | 1.0.0 | 178.00 | NOTE | |||
r-oldrel-windows-x86_64 | 1.0.0 | 6.00 | 347.00 | 353.00 | NOTE |
Version: 1.0.0
Check: LazyData
Result: NOTE
'LazyData' is specified without a 'data' directory
Flavors: r-devel-linux-x86_64-debian-clang, r-devel-linux-x86_64-debian-gcc, r-devel-linux-x86_64-fedora-clang, r-devel-linux-x86_64-fedora-gcc, r-devel-windows-x86_64, r-patched-linux-x86_64, r-release-linux-x86_64, r-release-macos-arm64, r-release-macos-x86_64, r-release-windows-x86_64, r-oldrel-macos-arm64, r-oldrel-macos-x86_64, r-oldrel-windows-x86_64