CRAN Package Check Results for Package OpenRepGrid

Last updated on 2024-04-19 22:55:55 CEST.

Flavor Version Tinstall Tcheck Ttotal Status Flags
r-devel-linux-x86_64-debian-clang 0.1.14 25.38 154.88 180.26 NOTE
r-devel-linux-x86_64-debian-gcc 0.1.14 NOTE
r-devel-linux-x86_64-fedora-clang 0.1.14 217.34 NOTE
r-devel-linux-x86_64-fedora-gcc 0.1.14 221.28 NOTE
r-prerel-macos-arm64 0.1.14 53.00 NOTE
r-prerel-windows-x86_64 0.1.14 22.00 159.00 181.00 NOTE
r-patched-linux-x86_64 0.1.14 24.97 152.75 177.72 NOTE
r-release-linux-x86_64 0.1.14 13.29 147.33 160.62 OK
r-release-macos-arm64 0.1.14 52.00 OK
r-release-macos-x86_64 0.1.14 109.00 OK
r-release-windows-x86_64 0.1.14 25.00 198.00 223.00 OK
r-oldrel-macos-arm64 0.1.14 48.00 OK
r-oldrel-windows-x86_64 0.1.14 27.00 162.00 189.00 OK

Check Details

Version: 0.1.14
Check: Rd files
Result: NOTE checkRd: (-1) constructD.Rd:18: Lost braces 18 | values for code{"columns"} and \code{"rows"}).} | ^ checkRd: (-1) indexConflict2.Rd:43: Lost braces; missing escapes or markup? 43 | { Z_max x Z_mdn - Z_min <= crit }. | ^ checkRd: (-1) indexConflict2.Rd:46: Lost braces; missing escapes or markup? 46 | { Z_min - Z_max x Z_mdn <= crit }. | ^ checkRd: (-1) indexConflict2.Rd:56: Lost braces; missing escapes or markup? 56 | { a x Z_max x Z_mdn =< crit/a + Z_min}. This shows that a bigger value of \code{a} | ^ checkRd: (-1) perturbate.Rd:18: Lost braces; missing escapes or markup? 18 | range. Usually {-1, 1} are reasonable settings} | ^ checkRd: (-1) settings.Rd:23: Lost braces in \itemize; meant \describe ? checkRd: (-1) settings.Rd:24: Lost braces in \itemize; meant \describe ? checkRd: (-1) settings.Rd:25: Lost braces in \itemize; meant \describe ? checkRd: (-1) settings.Rd:26: Lost braces in \itemize; meant \describe ? checkRd: (-1) settings.Rd:27: Lost braces in \itemize; meant \describe ? checkRd: (-1) settings.Rd:28: Lost braces in \itemize; meant \describe ? Flavors: r-devel-linux-x86_64-debian-clang, r-devel-linux-x86_64-debian-gcc, r-devel-linux-x86_64-fedora-clang, r-devel-linux-x86_64-fedora-gcc, r-prerel-macos-arm64, r-prerel-windows-x86_64, r-patched-linux-x86_64

Version: 0.1.14
Check: Rd \usage sections
Result: NOTE Documented arguments not in \usage in Rd file 'bertinBase.Rd': ‘x’ ‘ratings’ ‘trim’ Documented arguments not in \usage in Rd file 'biplot3dBase2.Rd': ‘ext.sphere’ Documented arguments not in \usage in Rd file 'convertImportObjectToRepGridObject.Rd': ‘x’ Documented arguments not in \usage in Rd file 'convertScivescoImportObjectToRepGridObject.Rd': ‘x’ Documented arguments not in \usage in Rd file 'mapCoordinatesToColor.Rd': ‘color’ Documented arguments not in \usage in Rd file 'quasiDistributionDistanceSlater.Rd': ‘rep’ Functions with \usage entries need to have the appropriate \alias entries, and all their arguments documented. The \usage entries must correspond to syntactically valid R code. See chapter ‘Writing R documentation files’ in the ‘Writing R Extensions’ manual. Flavors: r-devel-linux-x86_64-debian-clang, r-devel-linux-x86_64-debian-gcc, r-devel-linux-x86_64-fedora-clang, r-devel-linux-x86_64-fedora-gcc, r-prerel-macos-arm64, r-prerel-windows-x86_64, r-patched-linux-x86_64