CRAN Package Check Results for Package PRISM.forecast

Last updated on 2024-07-23 23:48:21 CEST.

Flavor Version Tinstall Tcheck Ttotal Status Flags
r-devel-linux-x86_64-debian-clang 0.2.1 3.65 35.36 39.01 NOTE
r-devel-linux-x86_64-debian-gcc 0.2.1 2.33 26.72 29.05 NOTE
r-devel-linux-x86_64-fedora-clang 0.2.1 46.87 NOTE
r-devel-linux-x86_64-fedora-gcc 0.2.1 49.01 NOTE
r-devel-windows-x86_64 0.2.1 6.00 49.00 55.00 NOTE
r-patched-linux-x86_64 0.2.1 3.10 32.49 35.59 NOTE
r-release-linux-x86_64 0.2.1 3.06 34.06 37.12 NOTE
r-release-macos-arm64 0.2.1 19.00 NOTE
r-release-macos-x86_64 0.2.1 35.00 NOTE
r-release-windows-x86_64 0.2.1 5.00 48.00 53.00 NOTE
r-oldrel-macos-arm64 0.2.1 23.00 NOTE
r-oldrel-macos-x86_64 0.2.1 29.00 NOTE
r-oldrel-windows-x86_64 0.2.1 5.00 52.00 57.00 NOTE

Check Details

Version: 0.2.1
Check: LazyData
Result: NOTE 'LazyData' is specified without a 'data' directory Flavors: r-devel-linux-x86_64-debian-clang, r-devel-linux-x86_64-debian-gcc, r-devel-linux-x86_64-fedora-clang, r-devel-linux-x86_64-fedora-gcc, r-devel-windows-x86_64, r-patched-linux-x86_64, r-release-linux-x86_64, r-release-macos-arm64, r-release-macos-x86_64, r-release-windows-x86_64, r-oldrel-macos-arm64, r-oldrel-macos-x86_64, r-oldrel-windows-x86_64