CRAN Package Check Results for Package PRISM.forecast

Last updated on 2023-12-07 23:10:16 CET.

Flavor Version Tinstall Tcheck Ttotal Status Flags
r-devel-linux-x86_64-debian-clang 0.2.1 3.57 34.55 38.12 NOTE
r-devel-linux-x86_64-debian-gcc 0.2.1 2.69 26.53 29.22 NOTE
r-devel-linux-x86_64-fedora-clang 0.2.1 45.62 NOTE
r-devel-linux-x86_64-fedora-gcc 0.2.1 44.56 NOTE
r-devel-windows-x86_64 0.2.1 5.00 56.00 61.00 NOTE
r-patched-linux-x86_64 0.2.1 3.83 33.79 37.62 NOTE
r-release-linux-x86_64 0.2.1 3.58 33.65 37.23 NOTE
r-release-macos-arm64 0.2.1 23.00 NOTE
r-release-macos-x86_64 0.2.1 29.00 NOTE
r-release-windows-x86_64 0.2.1 6.00 57.00 63.00 NOTE
r-oldrel-macos-arm64 0.2.1 21.00 NOTE
r-oldrel-macos-x86_64 0.2.1 30.00 NOTE
r-oldrel-windows-x86_64 0.2.1 5.00 60.00 65.00 NOTE

Check Details

Version: 0.2.1
Check: LazyData
Result: NOTE 'LazyData' is specified without a 'data' directory Flavors: r-devel-linux-x86_64-debian-clang, r-devel-linux-x86_64-debian-gcc, r-devel-linux-x86_64-fedora-clang, r-devel-linux-x86_64-fedora-gcc, r-devel-windows-x86_64, r-patched-linux-x86_64, r-release-linux-x86_64, r-release-macos-arm64, r-release-macos-x86_64, r-release-windows-x86_64, r-oldrel-macos-arm64, r-oldrel-macos-x86_64, r-oldrel-windows-x86_64