CRAN Package Check Results for Package PSGoft

Last updated on 2024-04-22 23:54:36 CEST.

Flavor Version Tinstall Tcheck Ttotal Status Flags
r-devel-linux-x86_64-debian-clang 0.0.1 1.92 283.96 285.88 NOTE
r-devel-linux-x86_64-debian-gcc 0.0.1 1.61 198.68 200.29 NOTE
r-devel-linux-x86_64-fedora-clang 0.0.1 335.70 NOTE
r-devel-linux-x86_64-fedora-gcc 0.0.1 342.66 NOTE
r-prerel-macos-arm64 0.0.1 88.00 NOTE
r-prerel-windows-x86_64 0.0.1 3.00 200.00 203.00 NOTE
r-patched-linux-x86_64 0.0.1 1.95 265.04 266.99 NOTE
r-release-linux-x86_64 0.0.1 1.78 279.16 280.94 OK
r-release-macos-arm64 0.0.1 119.00 OK
r-release-macos-x86_64 0.0.1 246.00 OK
r-release-windows-x86_64 0.0.1 3.00 266.00 269.00 OK
r-oldrel-macos-arm64 0.0.1 93.00 OK
r-oldrel-windows-x86_64 0.0.1 4.00 276.00 280.00 OK

Check Details

Version: 0.0.1
Check: Rd files
Result: NOTE checkRd: (-1) data1.Rd:14: Lost braces 14 | The data set from {AbouRizk, S.M., Halpin, D.W., Wilson, J. R. (1994). \emph{Fitting beta distributions based on sample data.} Journal of Construction Engineering and Management 120(2), 288–305.} | ^ checkRd: (-1) data2.Rd:14: Lost braces; missing escapes or markup? 14 | The data set presents the height of 99 five-year-old British boys in cm downloaded from {http://www.mas.ncl.ac.uk/njnsm/medfac/docs/intro.pdf.} | ^ Flavors: r-devel-linux-x86_64-debian-clang, r-devel-linux-x86_64-debian-gcc, r-devel-linux-x86_64-fedora-clang, r-devel-linux-x86_64-fedora-gcc, r-prerel-macos-arm64, r-prerel-windows-x86_64, r-patched-linux-x86_64