CRAN Package Check Results for Package PakPMICS2018

Last updated on 2024-02-26 23:03:47 CET.

Flavor Version Tinstall Tcheck Ttotal Status Flags
r-devel-linux-x86_64-debian-clang 1.0.0 4.60 58.76 63.36 NOTE
r-devel-linux-x86_64-debian-gcc 1.0.0 3.97 44.32 48.29 NOTE
r-devel-linux-x86_64-fedora-clang 1.0.0 82.88 NOTE
r-devel-linux-x86_64-fedora-gcc 1.0.0 99.62 NOTE
r-devel-windows-x86_64 1.0.0 5.00 68.00 73.00 NOTE
r-patched-linux-x86_64 1.0.0 7.66 58.03 65.69 NOTE
r-release-linux-x86_64 1.0.0 4.78 57.22 62.00 NOTE
r-release-macos-arm64 1.0.0 33.00 NOTE
r-release-macos-x86_64 1.0.0 48.00 NOTE
r-release-windows-x86_64 1.0.0 6.00 73.00 79.00 NOTE
r-oldrel-macos-arm64 1.0.0 25.00 NOTE
r-oldrel-windows-x86_64 1.0.0 6.00 70.00 76.00 NOTE

Check Details

Version: 1.0.0
Check: Rd files
Result: NOTE checkRd: (-1) PakPMICS2018bh.Rd:90: Lost braces in \enumerate; meant \describe ? checkRd: (-1) PakPMICS2018ch.Rd:454: Lost braces in \enumerate; meant \describe ? checkRd: (-1) PakPMICS2018fs.Rd:310: Lost braces in \enumerate; meant \describe ? checkRd: (-1) PakPMICS2018hh.Rd:364: Lost braces in \enumerate; meant \describe ? checkRd: (-1) PakPMICS2018hl.Rd:132: Lost braces in \enumerate; meant \describe ? checkRd: (-1) PakPMICS2018mm.Rd:71: Lost braces in \enumerate; meant \describe ? checkRd: (-1) PakPMICS2018mn.Rd:245: Lost braces in \enumerate; meant \describe ? checkRd: (-1) PakPMICS2018wm.Rd:448: Lost braces in \enumerate; meant \describe ? Flavors: r-devel-linux-x86_64-debian-clang, r-devel-linux-x86_64-debian-gcc, r-devel-linux-x86_64-fedora-clang, r-devel-linux-x86_64-fedora-gcc

Version: 1.0.0
Check: LazyData
Result: NOTE 'LazyData' is specified without a 'data' directory Flavors: r-devel-linux-x86_64-debian-clang, r-devel-linux-x86_64-debian-gcc, r-devel-linux-x86_64-fedora-clang, r-devel-linux-x86_64-fedora-gcc, r-devel-windows-x86_64, r-patched-linux-x86_64, r-release-linux-x86_64, r-release-macos-arm64, r-release-macos-x86_64, r-release-windows-x86_64, r-oldrel-macos-arm64, r-oldrel-windows-x86_64