CRAN Package Check Results for Package PakPMICS2018fs

Last updated on 2024-02-24 21:40:28 CET.

Flavor Version Tinstall Tcheck Ttotal Status Flags
r-devel-linux-x86_64-debian-clang 0.1.0 8.18 47.77 55.95 NOTE
r-devel-linux-x86_64-debian-gcc 0.1.0 7.84 35.76 43.60 NOTE
r-devel-linux-x86_64-fedora-clang 0.1.0 76.18 NOTE
r-devel-linux-x86_64-fedora-gcc 0.1.0 85.67 NOTE
r-devel-windows-x86_64 0.1.0 10.00 56.00 66.00 OK
r-patched-linux-x86_64 0.1.0 8.86 46.48 55.34 OK
r-release-linux-x86_64 0.1.0 10.35 46.76 57.11 OK
r-release-macos-arm64 0.1.0 34.00 OK
r-release-macos-x86_64 0.1.0 50.00 OK
r-release-windows-x86_64 0.1.0 13.00 60.00 73.00 OK
r-oldrel-macos-arm64 0.1.0 26.00 OK
r-oldrel-windows-x86_64 0.1.0 12.00 65.00 77.00 OK

Check Details

Version: 0.1.0
Check: Rd files
Result: NOTE checkRd: (-1) PakPMICS2018fs.Rd:308: Lost braces in \enumerate; meant \describe ? checkRd: (-1) PakPMICS2018fs.Rd:309: Lost braces in \enumerate; meant \describe ? Flavors: r-devel-linux-x86_64-debian-clang, r-devel-linux-x86_64-debian-gcc, r-devel-linux-x86_64-fedora-clang, r-devel-linux-x86_64-fedora-gcc