Last updated on 2023-09-02 22:58:20 CEST.
Flavor | Version | Tinstall | Tcheck | Ttotal | Status | Flags |
---|---|---|---|---|---|---|
r-devel-linux-x86_64-debian-clang | 2.0.4 | 23.21 | 371.76 | 394.97 | NOTE | |
r-devel-linux-x86_64-debian-gcc | 2.0.4 | 22.30 | 289.62 | 311.92 | NOTE | |
r-devel-linux-x86_64-fedora-clang | 2.0.4 | 488.15 | NOTE | |||
r-devel-linux-x86_64-fedora-gcc | 2.0.4 | 502.72 | NOTE | |||
r-devel-windows-x86_64 | 2.0.4 | 26.00 | 208.00 | 234.00 | NOTE | --no-vignettes |
r-patched-linux-x86_64 | 2.0.4 | 38.86 | 360.29 | 399.15 | NOTE | |
r-release-linux-x86_64 | 2.0.4 | 25.28 | 361.26 | 386.54 | NOTE | |
r-release-macos-arm64 | 2.0.4 | 186.00 | NOTE | |||
r-release-macos-x86_64 | 2.0.4 | 317.00 | NOTE | |||
r-release-windows-x86_64 | 2.0.4 | 31.00 | 243.00 | 274.00 | NOTE | --no-vignettes |
r-oldrel-macos-arm64 | 2.0.4 | 167.00 | OK | |||
r-oldrel-macos-x86_64 | 2.0.4 | 214.00 | OK | |||
r-oldrel-windows-x86_64 | 2.0.4 | 34.00 | 230.00 | 264.00 | OK | --no-vignettes |
Version: 2.0.4
Check: Rd files
Result: NOTE
checkRd: (-1) CAPM.RiskPremium.Rd:67: Escaped LaTeX specials: \&
checkRd: (-1) chart.ECDF.Rd:31: Escaped LaTeX specials: \#
checkRd: (-1) managers.Rd:8: Escaped LaTeX specials: \&
Flavors: r-devel-linux-x86_64-debian-clang, r-devel-linux-x86_64-debian-gcc, r-devel-linux-x86_64-fedora-clang, r-devel-linux-x86_64-fedora-gcc, r-patched-linux-x86_64, r-release-linux-x86_64, r-release-macos-arm64, r-release-macos-x86_64
Version: 2.0.4
Check: Rd cross-references
Result: NOTE
Undeclared packages ‘timeSeries’, ‘tseries’, ‘car’, ‘gplots’ in Rd xrefs
Flavor: r-devel-linux-x86_64-fedora-clang
Version: 2.0.4
Flags: --no-vignettes
Check: Rd files
Result: NOTE
checkRd: (-1) CAPM.RiskPremium.Rd:67: Escaped LaTeX specials: \&
checkRd: (-1) chart.ECDF.Rd:31: Escaped LaTeX specials: \#
checkRd: (-1) managers.Rd:8: Escaped LaTeX specials: \&
Flavors: r-devel-windows-x86_64, r-release-windows-x86_64