CRAN Package Check Results for Package PracticalEquiDesign

Last updated on 2024-02-26 23:03:48 CET.

Flavor Version Tinstall Tcheck Ttotal Status Flags
r-devel-linux-x86_64-debian-clang 0.0.3 1.97 30.65 32.62 OK
r-devel-linux-x86_64-debian-gcc 0.0.3 1.94 23.58 25.52 OK
r-devel-linux-x86_64-fedora-clang 0.0.3 40.81 NOTE
r-devel-linux-x86_64-fedora-gcc 0.0.3 51.53 NOTE
r-devel-windows-x86_64 0.0.3 3.00 47.00 50.00 OK
r-patched-linux-x86_64 0.0.3 1.81 28.43 30.24 OK
r-release-linux-x86_64 0.0.3 1.52 28.08 29.60 OK
r-release-macos-arm64 0.0.3 26.00 OK
r-release-macos-x86_64 0.0.3 36.00 OK
r-release-windows-x86_64 0.0.3 4.00 46.00 50.00 OK
r-oldrel-macos-arm64 0.0.3 18.00 NOTE
r-oldrel-windows-x86_64 0.0.3 4.00 51.00 55.00 OK

Check Details

Version: 0.0.3
Check: dependencies in R code
Result: NOTE Namespaces in Imports field not imported from: ‘dplyr’ ‘methods’ ‘numDeriv’ ‘tidyr’ All declared Imports should be used. Flavors: r-devel-linux-x86_64-fedora-clang, r-devel-linux-x86_64-fedora-gcc, r-oldrel-macos-arm64