CRAN Package Check Results for Package PredictABEL

Last updated on 2024-02-25 23:02:16 CET.

Flavor Version Tinstall Tcheck Ttotal Status Flags
r-devel-linux-x86_64-debian-clang 1.2-4 11.20 96.46 107.66 OK
r-devel-linux-x86_64-debian-gcc 1.2-4 7.58 69.41 76.99 OK
r-devel-linux-x86_64-fedora-clang 1.2-4 128.34 NOTE
r-devel-linux-x86_64-fedora-gcc 1.2-4 117.03 NOTE
r-devel-windows-x86_64 1.2-4 9.00 87.00 96.00 OK
r-patched-linux-x86_64 1.2-4 7.45 85.74 93.19 OK
r-release-linux-x86_64 1.2-4 6.33 86.11 92.44 OK
r-release-macos-arm64 1.2-4 44.00 OK
r-release-macos-x86_64 1.2-4 68.00 OK
r-release-windows-x86_64 1.2-4 12.00 99.00 111.00 OK
r-oldrel-macos-arm64 1.2-4 63.00 NOTE
r-oldrel-windows-x86_64 1.2-4 12.00 102.00 114.00 OK

Check Details

Version: 1.2-4
Check: dependencies in R code
Result: NOTE Namespace in Imports field not imported from: ‘lazyeval’ All declared Imports should be used. Flavors: r-devel-linux-x86_64-fedora-clang, r-devel-linux-x86_64-fedora-gcc, r-oldrel-macos-arm64