CRAN Package Check Results for Package PressPurt

Last updated on 2024-02-24 21:40:29 CET.

Flavor Version Tinstall Tcheck Ttotal Status Flags
r-devel-linux-x86_64-debian-clang 1.0.2 10.61 100.94 111.55 NOTE
r-devel-linux-x86_64-debian-gcc 1.0.2 9.29 75.74 85.03 NOTE
r-devel-linux-x86_64-fedora-clang 1.0.2 142.13 NOTE
r-devel-linux-x86_64-fedora-gcc 1.0.2 140.79 NOTE
r-devel-windows-x86_64 1.0.2 11.00 97.00 108.00 NOTE
r-patched-linux-x86_64 1.0.2 9.47 97.59 107.06 NOTE
r-release-linux-x86_64 1.0.2 10.27 97.73 108.00 NOTE
r-release-macos-arm64 1.0.2 56.00 NOTE
r-release-macos-x86_64 1.0.2 82.00 NOTE
r-release-windows-x86_64 1.0.2 12.00 111.00 123.00 NOTE
r-oldrel-macos-arm64 1.0.2 40.00 NOTE
r-oldrel-windows-x86_64 1.0.2 14.00 108.00 122.00 NOTE

Check Details

Version: 1.0.2
Check: LazyData
Result: NOTE 'LazyData' is specified without a 'data' directory Flavors: r-devel-linux-x86_64-debian-clang, r-devel-linux-x86_64-debian-gcc, r-devel-linux-x86_64-fedora-clang, r-devel-linux-x86_64-fedora-gcc, r-devel-windows-x86_64, r-patched-linux-x86_64, r-release-linux-x86_64, r-release-macos-arm64, r-release-macos-x86_64, r-release-windows-x86_64, r-oldrel-macos-arm64, r-oldrel-windows-x86_64