Last updated on 2025-01-18 21:48:31 CET.
Flavor | Version | Tinstall | Tcheck | Ttotal | Status | Flags |
---|---|---|---|---|---|---|
r-devel-linux-x86_64-debian-clang | 0.1.7 | 17.09 | 136.84 | 153.93 | NOTE | |
r-devel-linux-x86_64-debian-gcc | 0.1.7 | 11.96 | 96.74 | 108.70 | NOTE | |
r-devel-linux-x86_64-fedora-clang | 0.1.7 | 245.28 | OK | |||
r-devel-linux-x86_64-fedora-gcc | 0.1.7 | 234.91 | OK | |||
r-devel-windows-x86_64 | 0.1.7 | 17.00 | 137.00 | 154.00 | NOTE | |
r-patched-linux-x86_64 | 0.1.7 | 20.76 | 124.53 | 145.29 | OK | |
r-release-linux-x86_64 | 0.1.7 | 15.34 | 123.33 | 138.67 | OK | |
r-release-macos-arm64 | 0.1.7 | 66.00 | OK | |||
r-release-macos-x86_64 | 0.1.7 | 99.00 | OK | |||
r-release-windows-x86_64 | 0.1.7 | 16.00 | 132.00 | 148.00 | OK | |
r-oldrel-macos-arm64 | 0.1.6 | 79.00 | OK | |||
r-oldrel-macos-x86_64 | 0.1.6 | 130.00 | OK | |||
r-oldrel-windows-x86_64 | 0.1.6 | 23.00 | 166.00 | 189.00 | OK |
Version: 0.1.7
Check: Rd cross-references
Result: NOTE
Found the following Rd file(s) with Rd \link{} targets missing package
anchors:
QLMDe.Rd: fmx_constraint, fmx-class
drop1_fmx.Rd: fmx-class
fmx_cluster.Rd: fmx-class, fmx_constraint
fmx_hybrid.Rd: fmx-class, Kolmogorov_fmx
fmx_normix.Rd: fmx-class
step_fmx.Rd: fmx-class
Please provide package anchors for all Rd \link{} targets not in the
package itself and the base packages.
Flavors: r-devel-linux-x86_64-debian-clang, r-devel-linux-x86_64-debian-gcc, r-devel-windows-x86_64