Last updated on 2023-12-04 21:56:21 CET.
Flavor | Version | Tinstall | Tcheck | Ttotal | Status | Flags |
---|---|---|---|---|---|---|
r-devel-linux-x86_64-debian-clang | 0.45.0 | 15.44 | 180.50 | 195.94 | NOTE | |
r-devel-linux-x86_64-debian-gcc | 0.45.0 | 11.95 | 140.24 | 152.19 | NOTE | |
r-devel-linux-x86_64-fedora-clang | 0.45.0 | 248.06 | NOTE | |||
r-devel-linux-x86_64-fedora-gcc | 0.45.0 | 251.17 | NOTE | |||
r-devel-windows-x86_64 | 0.45.0 | 15.00 | 685.00 | 700.00 | NOTE | |
r-patched-linux-x86_64 | 0.45.0 | 15.36 | 174.64 | 190.00 | OK | |
r-release-linux-x86_64 | 0.45.0 | 11.84 | 175.53 | 187.37 | OK | |
r-release-macos-arm64 | 0.45.0 | 97.00 | OK | |||
r-release-macos-x86_64 | 0.45.0 | 143.00 | OK | |||
r-release-windows-x86_64 | 0.45.0 | 19.00 | 723.00 | 742.00 | OK | |
r-oldrel-macos-arm64 | 0.45.0 | 90.00 | OK | |||
r-oldrel-macos-x86_64 | 0.45.0 | 119.00 | OK | |||
r-oldrel-windows-x86_64 | 0.45.0 | 18.00 | 573.00 | 591.00 | OK |
Version: 0.45.0
Check: Rd \usage sections
Result: NOTE
Documented arguments not in \usage in Rd file '000-LB-.RspDocument.Rd':
‘...’
Documented arguments not in \usage in Rd file 'RspEvalDirective.Rd':
‘attributes’
Documented arguments not in \usage in Rd file 'RspExpression.Rd':
‘object’
Documented arguments not in \usage in Rd file 'RspIncludeDirective.Rd':
‘attributes’
Documented arguments not in \usage in Rd file 'buildNonSweaveVignette.Rd':
‘pathname’
Documented arguments not in \usage in Rd file 'buildNonSweaveVignettes.Rd':
‘path’ ‘pattern’
Documented arguments not in \usage in Rd file 'exprToCode.RspSourceCodeFactory.Rd':
‘expr’
Documented arguments not in \usage in Rd file 'getContent.RspText.Rd':
‘unescaped’
Documented arguments not in \usage in Rd file 'toSourceCode.RspSourceCodeFactory.Rd':
‘expr’
Documented arguments not in \usage in Rd file 'trim.RspDocument.Rd':
‘envir’
Documented arguments not in \usage in Rd file 'writeResponse.RspResponse.Rd':
‘collapse’ ‘sep’
Functions with \usage entries need to have the appropriate \alias
entries, and all their arguments documented.
The \usage entries must correspond to syntactically valid R code.
See chapter ‘Writing R documentation files’ in the ‘Writing R
Extensions’ manual.
Flavors: r-devel-linux-x86_64-debian-clang, r-devel-linux-x86_64-debian-gcc, r-devel-linux-x86_64-fedora-clang, r-devel-linux-x86_64-fedora-gcc, r-devel-windows-x86_64