CRAN Package Check Results for Package RGoogleFit

Last updated on 2024-04-22 23:54:37 CEST.

Flavor Version Tinstall Tcheck Ttotal Status Flags
r-devel-linux-x86_64-debian-clang 0.4.0 3.60 31.49 35.09 NOTE
r-devel-linux-x86_64-debian-gcc 0.4.0 2.70 24.52 27.22 NOTE
r-devel-linux-x86_64-fedora-clang 0.4.0 43.65 NOTE
r-devel-linux-x86_64-fedora-gcc 0.4.0 42.53 NOTE
r-prerel-macos-arm64 0.4.0 18.00 NOTE
r-prerel-windows-x86_64 0.4.0 5.00 44.00 49.00 NOTE
r-patched-linux-x86_64 0.4.0 3.12 31.40 34.52 NOTE
r-release-linux-x86_64 0.4.0 3.04 30.41 33.45 NOTE
r-release-macos-arm64 0.4.0 18.00 NOTE
r-release-macos-x86_64 0.4.0 25.00 NOTE
r-release-windows-x86_64 0.4.0 5.00 52.00 57.00 NOTE
r-oldrel-macos-arm64 0.4.0 19.00 NOTE
r-oldrel-windows-x86_64 0.4.0 5.00 53.00 58.00 NOTE

Check Details

Version: 0.4.0
Check: LazyData
Result: NOTE 'LazyData' is specified without a 'data' directory Flavors: r-devel-linux-x86_64-debian-clang, r-devel-linux-x86_64-debian-gcc, r-devel-linux-x86_64-fedora-clang, r-devel-linux-x86_64-fedora-gcc, r-prerel-macos-arm64, r-prerel-windows-x86_64, r-patched-linux-x86_64, r-release-linux-x86_64, r-release-macos-arm64, r-release-macos-x86_64, r-release-windows-x86_64, r-oldrel-macos-arm64, r-oldrel-windows-x86_64