CRAN Package Check Results for Package RHMS

Last updated on 2024-02-25 23:02:18 CET.

Flavor Version Tinstall Tcheck Ttotal Status Flags
r-devel-linux-x86_64-debian-clang 1.7 11.23 98.40 109.63 NOTE
r-devel-linux-x86_64-debian-gcc 1.7 8.91 71.92 80.83 NOTE
r-devel-linux-x86_64-fedora-clang 1.7 140.33 NOTE
r-devel-linux-x86_64-fedora-gcc 1.7 135.09 NOTE
r-devel-windows-x86_64 1.7 13.00 92.00 105.00 OK
r-patched-linux-x86_64 1.7 11.76 93.06 104.82 OK
r-release-linux-x86_64 1.7 11.24 92.25 103.49 OK
r-release-macos-arm64 1.7 40.00 OK
r-release-macos-x86_64 1.7 61.00 OK
r-release-windows-x86_64 1.7 17.00 107.00 124.00 OK
r-oldrel-macos-arm64 1.7 48.00 OK
r-oldrel-windows-x86_64 1.7 15.00 119.00 134.00 OK

Check Details

Version: 1.7
Check: Rd files
Result: NOTE checkRd: (-1) reachRouting.Rd:15: Lost braces 15 | \item{inflow}{a vector of runoff (cms) presenting a runoff event generated by excess rainfall computed by \code{loss} methods or an object inherited from any of the following classes :{\code{transform} ; \code{reachRouting} ; \code{reservoirRouting}}.} | ^ checkRd: (-1) reachRouting.base.Rd:14: Lost braces 14 | \item{inflow}{a vector of runoff (cms) or an object inherited from any of the following classes :{\code{transform} ; \code{reachRouting} ; \code{reservoirRouting}}.} | ^ checkRd: (-1) reachRouting.default.Rd:21: Lost braces 21 | \item{inflow}{a vector of runoff (cms) or an object inherited from any of the following classes :{\code{transform} ; \code{reachRouting} ; \code{reservoirRouting}}.} | ^ checkRd: (-1) reservoirRouting.Rd:13: Lost braces 13 | \item{inflow}{a vector of in (cms) presenting a runoff event generated by excess rainfall computed by \code{loss} methods or an object inherited from any of the following classes :{\code{transform} ; \code{reachRouting} ; \code{reservoirRouting}}.} | ^ checkRd: (-1) reservoirRouting.base.Rd:13: Lost braces 13 | \item{inflow}{a vector of in (cms) presenting a runoff event generated by excess rainfall computed by \code{loss} methods or an object inherited from any of the following classes :{\code{transform} ; \code{reachRouting} ; \code{reservoirRouting}}.} | ^ checkRd: (-1) reservoirRouting.default.Rd:18: Lost braces 18 | \item{inflow}{a vector of in (cms) presenting a runoff event generated by excess rainfall computed by \code{loss} methods or an object inherited from any of the following classes :{\code{transform} ; \code{reachRouting} ; \code{reservoirRouting}}.} | ^ Flavors: r-devel-linux-x86_64-debian-clang, r-devel-linux-x86_64-debian-gcc, r-devel-linux-x86_64-fedora-clang, r-devel-linux-x86_64-fedora-gcc