CRAN Package Check Results for Package RHRV

Last updated on 2024-02-26 23:03:50 CET.

Flavor Version Tinstall Tcheck Ttotal Status Flags
r-devel-linux-x86_64-debian-clang 4.2.7 20.31 143.86 164.17 OK
r-devel-linux-x86_64-debian-gcc 4.2.7 13.76 107.63 121.39 OK
r-devel-linux-x86_64-fedora-clang 4.2.7 203.75 NOTE
r-devel-linux-x86_64-fedora-gcc 4.2.7 201.09 OK
r-devel-windows-x86_64 4.2.7 19.00 128.00 147.00 OK
r-patched-linux-x86_64 4.2.7 23.37 139.44 162.81 OK
r-release-linux-x86_64 4.2.7 12.31 141.49 153.80 OK
r-release-macos-arm64 4.2.7 67.00 OK
r-release-macos-x86_64 4.2.7 99.00 OK
r-release-windows-x86_64 4.2.7 24.00 157.00 181.00 OK
r-oldrel-macos-arm64 4.2.7 65.00 OK
r-oldrel-windows-x86_64 4.2.7 27.00 151.00 178.00 OK

Check Details

Version: 4.2.7
Check: Rd cross-references
Result: NOTE Undeclared packages ‘tseries’, ‘TSA’ in Rd xrefs Flavor: r-devel-linux-x86_64-fedora-clang