CRAN Package Check Results for Package RMAWGEN

Last updated on 2024-02-26 23:03:50 CET.

Flavor Version Tinstall Tcheck Ttotal Status Flags
r-devel-linux-x86_64-debian-clang 1.3.7 6.31 61.56 67.87 NOTE
r-devel-linux-x86_64-debian-gcc 1.3.7 5.51 48.91 54.42 NOTE
r-devel-linux-x86_64-fedora-clang 1.3.7 84.48 NOTE
r-devel-linux-x86_64-fedora-gcc 1.3.7 87.74 NOTE
r-devel-windows-x86_64 1.3.7 7.00 79.00 86.00 OK
r-patched-linux-x86_64 1.3.7 12.54 61.19 73.73 OK
r-release-linux-x86_64 1.3.7 5.70 62.03 67.73 OK
r-release-macos-arm64 1.3.7 33.00 OK
r-release-macos-x86_64 1.3.7 51.00 OK
r-release-windows-x86_64 1.3.7 9.00 87.00 96.00 OK
r-oldrel-macos-arm64 1.3.7 32.00 OK
r-oldrel-windows-x86_64 1.3.7 10.00 79.00 89.00 OK

Check Details

Version: 1.3.7
Check: Rd files
Result: NOTE checkRd: (-1) ComprehensiveTemperatureGenerator.Rd:68: Lost braces; missing escapes or markup? 68 | \item{exogen_all}{data frame containing exogenous variable formatted like \code{Tx_all} and {Tn_all}. Default is \code{NULL}. | ^ checkRd: (-1) qqplot_RMAWGEN_Tx.Rd:70: Lost braces; missing escapes or markup? 70 | \code{Tx_gen},{Tn_gen} and \code{main} must have an even number of elements. | ^ Flavors: r-devel-linux-x86_64-debian-clang, r-devel-linux-x86_64-debian-gcc, r-devel-linux-x86_64-fedora-clang, r-devel-linux-x86_64-fedora-gcc