CRAN Package Check Results for Package RSKC

Last updated on 2024-05-17 22:56:57 CEST.

Flavor Version Tinstall Tcheck Ttotal Status Flags
r-devel-linux-x86_64-debian-clang 2.4.2 4.90 45.07 49.97 OK
r-devel-linux-x86_64-debian-gcc 2.4.2 5.34 33.92 39.26 OK
r-devel-linux-x86_64-fedora-clang 2.4.2 62.85 NOTE
r-devel-linux-x86_64-fedora-gcc 2.4.2 112.00 NOTE
r-devel-windows-x86_64 2.4.2 7.00 55.00 62.00 OK
r-patched-linux-x86_64 2.4.2 6.63 42.72 49.35 OK
r-release-linux-x86_64 2.4.2 6.21 43.40 49.61 OK
r-release-macos-arm64 2.4.2 23.00 OK
r-release-windows-x86_64 2.4.2 7.00 58.00 65.00 OK
r-oldrel-macos-arm64 2.4.2 22.00 OK
r-oldrel-macos-x86_64 2.4.2 40.00 OK
r-oldrel-windows-x86_64 2.4.2 9.00 59.00 68.00 OK

Check Details

Version: 2.4.2
Check: compiled code
Result: NOTE File ‘RSKC/libs/RSKC.so’: Found no calls to: ‘R_registerRoutines’, ‘R_useDynamicSymbols’ It is good practice to register native routines and to disable symbol search. See ‘Writing portable packages’ in the ‘Writing R Extensions’ manual. Flavors: r-devel-linux-x86_64-fedora-clang, r-devel-linux-x86_64-fedora-gcc