CRAN Package Check Results for Package RWDataPlyr

Last updated on 2023-12-09 06:02:18 CET.

Flavor Version Tinstall Tcheck Ttotal Status Flags
r-devel-linux-x86_64-debian-clang 0.6.4 26.59 121.98 148.57 NOTE
r-devel-linux-x86_64-debian-gcc 0.6.4 23.18 92.06 115.24 NOTE
r-devel-linux-x86_64-fedora-clang 0.6.4 198.79 NOTE
r-devel-linux-x86_64-fedora-gcc 0.6.4 199.33 NOTE
r-devel-windows-x86_64 0.6.4 27.00 130.00 157.00 NOTE
r-patched-linux-x86_64 0.6.4 21.32 116.47 137.79 NOTE
r-release-linux-x86_64 0.6.4 20.29 115.05 135.34 NOTE
r-release-macos-arm64 0.6.4 65.00 NOTE
r-release-macos-x86_64 0.6.4 109.00 NOTE
r-release-windows-x86_64 0.6.4 33.00 161.00 194.00 NOTE
r-oldrel-macos-arm64 0.6.4 51.00 OK
r-oldrel-macos-x86_64 0.6.4 101.00 OK
r-oldrel-windows-x86_64 0.6.4 32.00 151.00 183.00 OK

Check Details

Version: 0.6.4
Check: C++ specification
Result: NOTE Specified C++11: please drop specification unless essential Flavors: r-devel-linux-x86_64-debian-clang, r-devel-linux-x86_64-debian-gcc, r-devel-linux-x86_64-fedora-clang, r-devel-linux-x86_64-fedora-gcc, r-devel-windows-x86_64, r-patched-linux-x86_64, r-release-linux-x86_64, r-release-macos-arm64, r-release-macos-x86_64, r-release-windows-x86_64