CRAN Package Check Results for Package RWDataPlyr

Last updated on 2024-07-23 23:48:24 CEST.

Flavor Version Tinstall Tcheck Ttotal Status Flags
r-devel-linux-x86_64-debian-clang 0.6.4 24.43 116.74 141.17 NOTE
r-devel-linux-x86_64-debian-gcc 0.6.4 16.38 85.99 102.37 NOTE
r-devel-linux-x86_64-fedora-clang 0.6.4 192.64 NOTE
r-devel-linux-x86_64-fedora-gcc 0.6.4 197.46 NOTE
r-devel-windows-x86_64 0.6.4 25.00 121.00 146.00 NOTE
r-patched-linux-x86_64 0.6.4 26.44 109.52 135.96 NOTE
r-release-linux-x86_64 0.6.4 14.24 109.87 124.11 NOTE
r-release-macos-arm64 0.6.4 60.00 NOTE
r-release-macos-x86_64 0.6.4 132.00 NOTE
r-release-windows-x86_64 0.6.4 26.00 123.00 149.00 NOTE
r-oldrel-macos-arm64 0.6.4 65.00 NOTE
r-oldrel-macos-x86_64 0.6.4 109.00 NOTE
r-oldrel-windows-x86_64 0.6.4 27.00 151.00 178.00 NOTE

Check Details

Version: 0.6.4
Check: C++ specification
Result: NOTE Specified C++11: please drop specification unless essential Flavors: r-devel-linux-x86_64-debian-clang, r-devel-linux-x86_64-debian-gcc, r-devel-linux-x86_64-fedora-clang, r-devel-linux-x86_64-fedora-gcc, r-devel-windows-x86_64, r-patched-linux-x86_64, r-release-linux-x86_64, r-release-macos-arm64, r-release-macos-x86_64, r-release-windows-x86_64, r-oldrel-macos-arm64, r-oldrel-macos-x86_64, r-oldrel-windows-x86_64