CRAN Package Check Results for Package RcmdrPlugin.PcaRobust

Last updated on 2024-02-26 23:03:49 CET.

Flavor Version Tinstall Tcheck Ttotal Status Flags
r-devel-linux-x86_64-debian-clang 1.1.4 25.47 176.00 201.47 NOTE
r-devel-linux-x86_64-debian-gcc 1.1.4 19.16 129.26 148.42 NOTE
r-devel-linux-x86_64-fedora-clang 1.1.4 269.53 NOTE
r-devel-linux-x86_64-fedora-gcc 1.1.4 228.53 NOTE
r-devel-windows-x86_64 1.1.4 19.00 133.00 152.00 NOTE
r-patched-linux-x86_64 1.1.4 18.11 145.60 163.71 NOTE
r-release-linux-x86_64 1.1.4 16.00 145.94 161.94 NOTE
r-release-macos-arm64 1.1.4 69.00 NOTE
r-release-macos-x86_64 1.1.4 113.00 NOTE
r-release-windows-x86_64 1.1.4 26.00 205.00 231.00 NOTE
r-oldrel-macos-arm64 1.1.4 100.00 NOTE
r-oldrel-windows-x86_64 1.1.4 27.00 170.00 197.00 NOTE

Check Details

Version: 1.1.4
Check: LazyData
Result: NOTE 'LazyData' is specified without a 'data' directory Flavors: r-devel-linux-x86_64-debian-clang, r-devel-linux-x86_64-debian-gcc, r-devel-linux-x86_64-fedora-clang, r-devel-linux-x86_64-fedora-gcc, r-devel-windows-x86_64, r-patched-linux-x86_64, r-release-linux-x86_64, r-release-macos-arm64, r-release-macos-x86_64, r-release-windows-x86_64, r-oldrel-macos-arm64, r-oldrel-windows-x86_64