Last updated on 2023-12-11 00:49:17 CET.
Flavor | Version | Tinstall | Tcheck | Ttotal | Status | Flags |
---|---|---|---|---|---|---|
r-devel-linux-x86_64-debian-clang | 1.1.3 | 30.37 | 210.84 | 241.21 | OK | |
r-devel-linux-x86_64-debian-gcc | 1.1.3 | 26.36 | 149.89 | 176.25 | OK | |
r-devel-linux-x86_64-fedora-clang | 1.1.3 | 318.54 | OK | |||
r-devel-linux-x86_64-fedora-gcc | 1.1.3 | 285.39 | OK | |||
r-devel-windows-x86_64 | 1.1.3 | 42.00 | 311.00 | 353.00 | OK | |
r-patched-linux-x86_64 | 1.1.3 | 37.53 | 203.40 | 240.93 | OK | |
r-release-linux-x86_64 | 1.1.3 | 27.83 | 196.92 | 224.75 | OK | |
r-release-macos-arm64 | 1.1.3 | 82.00 | OK | |||
r-release-macos-x86_64 | 1.1.3 | 14.00 | ERROR | |||
r-release-windows-x86_64 | 1.1.3 | 30.00 | 189.00 | 219.00 | OK | |
r-oldrel-macos-arm64 | 1.1.3 | 155.00 | OK | |||
r-oldrel-macos-x86_64 | 1.1.2 | 246.00 | OK | |||
r-oldrel-windows-x86_64 | 1.1.3 | 38.00 | 209.00 | 247.00 | OK |
Version: 1.1.3
Check: whether package can be installed
Result: ERROR
Installation failed.
Flavor: r-release-macos-x86_64