Last updated on 2023-12-02 23:13:56 CET.
Flavor | Version | Tinstall | Tcheck | Ttotal | Status | Flags |
---|---|---|---|---|---|---|
r-devel-linux-x86_64-debian-clang | 5.1-1 | 20.82 | 179.38 | 200.20 | NOTE | |
r-devel-linux-x86_64-debian-gcc | 5.1-1 | 16.54 | 128.42 | 144.96 | NOTE | |
r-devel-linux-x86_64-fedora-clang | 5.1-1 | 250.77 | NOTE | |||
r-devel-linux-x86_64-fedora-gcc | 5.1-1 | 258.62 | NOTE | |||
r-devel-windows-x86_64 | 5.1-1 | 31.00 | 282.00 | 313.00 | NOTE | |
r-patched-linux-x86_64 | 5.1-1 | 20.85 | 165.60 | 186.45 | NOTE | |
r-release-linux-x86_64 | 5.1-1 | 15.99 | 164.57 | 180.56 | NOTE | |
r-release-macos-arm64 | 5.1-1 | 88.00 | NOTE | |||
r-release-macos-x86_64 | 5.1-1 | 138.00 | NOTE | |||
r-release-windows-x86_64 | 5.1-1 | 24.00 | 208.00 | 232.00 | NOTE | |
r-oldrel-macos-arm64 | 5.1-1 | 81.00 | NOTE | |||
r-oldrel-macos-x86_64 | 5.1-1 | 199.00 | NOTE | |||
r-oldrel-windows-x86_64 | 5.1-1 | 24.00 | 186.00 | 210.00 | NOTE |
Version: 5.1-1
Check: package dependencies
Result: NOTE
Depends: includes the non-default packages:
'IQCC', 'qcc', 'qicharts2', 'randtests', 'rmarkdown',
'TeachingDemos', 'tseries'
Adding so many packages to the search path is excessive and importing
selectively is preferable.
Flavors: r-devel-linux-x86_64-debian-clang, r-devel-linux-x86_64-debian-gcc, r-devel-linux-x86_64-fedora-clang, r-devel-linux-x86_64-fedora-gcc, r-devel-windows-x86_64, r-patched-linux-x86_64, r-release-linux-x86_64, r-release-macos-arm64, r-release-macos-x86_64, r-release-windows-x86_64, r-oldrel-macos-arm64, r-oldrel-macos-x86_64, r-oldrel-windows-x86_64