CRAN Package Check Results for Package Rfast

Last updated on 2024-02-24 21:40:31 CET.

Flavor Version Tinstall Tcheck Ttotal Status Flags
r-devel-linux-x86_64-debian-clang 2.1.0 1521.81 130.22 1652.03 OK
r-devel-linux-x86_64-debian-gcc 2.1.0 1188.06 96.67 1284.73 OK
r-devel-linux-x86_64-fedora-clang 2.1.0 2521.81 NOTE
r-devel-linux-x86_64-fedora-gcc 2.1.0 2556.26 OK
r-devel-windows-x86_64 2.1.0 1145.00 216.00 1361.00 NOTE
r-patched-linux-x86_64 2.1.0 1470.26 129.88 1600.14 OK
r-release-linux-x86_64 2.1.0 1404.95 130.81 1535.76 OK
r-release-macos-arm64 2.1.0 378.00 NOTE
r-release-macos-x86_64 2.1.0 320.00 NOTE
r-release-windows-x86_64 2.1.0 1459.00 248.00 1707.00 NOTE
r-oldrel-macos-arm64 2.1.0 352.00 NOTE
r-oldrel-windows-x86_64 2.1.0 1390.00 233.00 1623.00 NOTE

Check Details

Version: 2.1.0
Check: installed package size
Result: NOTE installed size is 5.6Mb sub-directories of 1Mb or more: libs 4.2Mb Flavors: r-devel-linux-x86_64-fedora-clang, r-devel-windows-x86_64, r-release-macos-arm64, r-release-macos-x86_64, r-release-windows-x86_64, r-oldrel-macos-arm64, r-oldrel-windows-x86_64