Last updated on 2023-12-10 04:56:10 CET.
Flavor | Version | Tinstall | Tcheck | Ttotal | Status | Flags |
---|---|---|---|---|---|---|
r-devel-linux-x86_64-debian-clang | 1.0.2 | 7.35 | 72.60 | 79.95 | NOTE | |
r-devel-linux-x86_64-debian-gcc | 1.0.2 | 6.19 | 54.47 | 60.66 | NOTE | |
r-devel-linux-x86_64-fedora-clang | 1.0.2 | 98.18 | OK | |||
r-devel-linux-x86_64-fedora-gcc | 1.0.2 | 115.17 | OK | |||
r-devel-windows-x86_64 | 1.0.2 | 9.00 | 74.00 | 83.00 | OK | |
r-patched-linux-x86_64 | 1.0.2 | 5.47 | 68.03 | 73.50 | OK | |
r-release-linux-x86_64 | 1.0.2 | 5.08 | 67.34 | 72.42 | OK | |
r-release-macos-arm64 | 1.0.2 | 38.00 | OK | |||
r-release-macos-x86_64 | 1.0.2 | 56.00 | OK | |||
r-release-windows-x86_64 | 1.0.2 | 10.00 | 83.00 | 93.00 | OK | |
r-oldrel-macos-arm64 | 1.0.2 | 28.00 | OK | |||
r-oldrel-macos-x86_64 | 1.0.2 | 56.00 | OK | |||
r-oldrel-windows-x86_64 | 1.0.2 | 11.00 | 88.00 | 99.00 | OK |
Version: 1.0.2
Check: Rd files
Result: NOTE
checkRd: (-1) iex.chart.Rd:23: Lost braces; missing escapes or markup?
23 | r takes only of of the values accepted IN API request. {"5y", "2y", "1y", "ytd", "6m", "3m", "1m", "1d"}
| ^
Flavors: r-devel-linux-x86_64-debian-clang, r-devel-linux-x86_64-debian-gcc