CRAN Package Check Results for Package Rtsne

Last updated on 2024-06-12 23:58:34 CEST.

Flavor Version Tinstall Tcheck Ttotal Status Flags
r-devel-linux-x86_64-debian-clang 0.17 51.50 47.20 98.70 OK
r-devel-linux-x86_64-debian-gcc 0.17 34.49 26.36 60.85 ERROR
r-devel-linux-x86_64-fedora-clang 0.17 146.41 OK
r-devel-linux-x86_64-fedora-gcc 0.17 142.81 OK
r-devel-windows-x86_64 0.17 42.00 77.00 119.00 OK
r-patched-linux-x86_64 0.17 45.51 46.53 92.04 OK
r-release-linux-x86_64 0.17 41.96 46.08 88.04 OK
r-release-macos-arm64 0.17 36.00 OK
r-release-macos-x86_64 0.17 45.00 OK
r-release-windows-x86_64 0.17 42.00 82.00 124.00 OK
r-oldrel-macos-arm64 0.17 43.00 OK
r-oldrel-macos-x86_64 0.17 101.00 OK
r-oldrel-windows-x86_64 0.17 40.00 91.00 131.00 OK

Check Details

Version: 0.17
Check: package dependencies
Result: NOTE Package suggested but not available for checking: ‘testthat’ Flavor: r-devel-linux-x86_64-debian-gcc

Version: 0.17
Check: tests
Result: ERROR Running ‘testthat.R’ [0s/1s] Running the tests in ‘tests/testthat.R’ failed. Complete output: > library(testthat) Error in library(testthat) : there is no package called 'testthat' Execution halted Flavor: r-devel-linux-x86_64-debian-gcc