CRAN Package Check Results for Package SIAmodules

Last updated on 2024-02-24 21:40:33 CET.

Flavor Version Tinstall Tcheck Ttotal Status Flags
r-devel-linux-x86_64-debian-clang 0.1.0 23.86 158.31 182.17 OK
r-devel-linux-x86_64-debian-gcc 0.1.0 17.06 115.97 133.03 OK
r-devel-linux-x86_64-fedora-clang 0.1.0 218.56 NOTE
r-devel-linux-x86_64-fedora-gcc 0.1.0 212.85 OK
r-devel-windows-x86_64 0.1.0 21.00 122.00 143.00 OK
r-patched-linux-x86_64 0.1.0 25.13 149.96 175.09 OK
r-release-linux-x86_64 0.1.0 17.66 151.59 169.25 OK
r-release-macos-arm64 0.1.0 66.00 OK
r-release-macos-x86_64 0.1.0 111.00 OK
r-release-windows-x86_64 0.1.0 27.00 155.00 182.00 OK
r-oldrel-macos-arm64 0.1.0 66.00 OK
r-oldrel-windows-x86_64 0.1.0 27.00 155.00 182.00 OK

Check Details

Version: 0.1.0
Check: package dependencies
Result: NOTE Imports includes 22 non-default packages. Importing from so many packages makes the package vulnerable to any of them becoming unavailable. Move as many as possible to Suggests and use conditionally. Flavor: r-devel-linux-x86_64-fedora-clang