CRAN Package Check Results for Package STraTUS

Last updated on 2024-02-26 23:03:54 CET.

Flavor Version Tinstall Tcheck Ttotal Status Flags
r-devel-linux-x86_64-debian-clang 1.1.2 15.32 130.94 146.26 NOTE
r-devel-linux-x86_64-debian-gcc 1.1.2 0.34 1.34 1.68 ERROR
r-devel-linux-x86_64-fedora-clang 1.1.2 181.85 NOTE
r-devel-linux-x86_64-fedora-gcc 1.1.2 1.78 ERROR
r-devel-windows-x86_64 1.1.2 3.00 4.00 7.00 ERROR
r-patched-linux-x86_64 1.1.2 12.52 124.21 136.73 OK
r-release-linux-x86_64 1.1.2 0.27 1.59 1.86 ERROR
r-release-macos-arm64 1.1.2 56.00 OK
r-release-macos-x86_64 1.1.2 98.00 OK
r-release-windows-x86_64 1.1.2 17.00 126.00 143.00 OK
r-oldrel-macos-arm64 1.1.2 50.00 OK
r-oldrel-windows-x86_64 1.1.2 18.00 140.00 158.00 OK

Check Details

Version: 1.1.2
Check: Rd files
Result: NOTE checkRd: (-1) sample.partial.tt.Rd:41: Lost braces in \itemize; \value handles \item{}{} directly checkRd: (-1) sample.partial.tt.Rd:42: Lost braces in \itemize; \value handles \item{}{} directly checkRd: (-1) sample.partial.tt.Rd:43: Lost braces in \itemize; \value handles \item{}{} directly checkRd: (-1) sample.partial.tt.Rd:44: Lost braces in \itemize; \value handles \item{}{} directly checkRd: (-1) sample.partial.tt.Rd:45: Lost braces in \itemize; \value handles \item{}{} directly checkRd: (-1) sample.tt.Rd:32: Lost braces in \itemize; \value handles \item{}{} directly checkRd: (-1) sample.tt.Rd:33: Lost braces in \itemize; \value handles \item{}{} directly checkRd: (-1) sample.tt.Rd:34: Lost braces in \itemize; \value handles \item{}{} directly checkRd: (-1) sample.tt.Rd:35: Lost braces in \itemize; \value handles \item{}{} directly checkRd: (-1) sample.tt.Rd:36: Lost braces in \itemize; \value handles \item{}{} directly checkRd: (-1) tt.generator.Rd:38: Lost braces in \itemize; \value handles \item{}{} directly checkRd: (-1) tt.generator.Rd:39: Lost braces in \itemize; \value handles \item{}{} directly checkRd: (-1) tt.generator.Rd:40: Lost braces in \itemize; \value handles \item{}{} directly checkRd: (-1) tt.generator.Rd:41: Lost braces in \itemize; \value handles \item{}{} directly checkRd: (-1) tt.generator.Rd:42: Lost braces in \itemize; \value handles \item{}{} directly checkRd: (-1) tt.generator.Rd:43-57: Lost braces in \itemize; \value handles \item{}{} directly checkRd: (-1) tt.generator.Rd:45: Lost braces in \itemize; \value handles \item{}{} directly checkRd: (-1) tt.generator.Rd:46: Lost braces in \itemize; \value handles \item{}{} directly checkRd: (-1) tt.generator.Rd:47: Lost braces in \itemize; \value handles \item{}{} directly checkRd: (-1) tt.generator.Rd:51: Lost braces in \itemize; \value handles \item{}{} directly checkRd: (-1) tt.generator.Rd:52: Lost braces in \itemize; \value handles \item{}{} directly checkRd: (-1) tt.generator.Rd:53: Lost braces in \itemize; \value handles \item{}{} directly checkRd: (-1) tt.generator.Rd:54: Lost braces in \itemize; \value handles \item{}{} directly checkRd: (-1) tt.generator.Rd:55: Lost braces in \itemize; \value handles \item{}{} directly Flavors: r-devel-linux-x86_64-debian-clang, r-devel-linux-x86_64-fedora-clang

Version: 1.1.2
Check: package dependencies
Result: ERROR Package required but not available: ‘ggtree’ See section ‘The DESCRIPTION file’ in the ‘Writing R Extensions’ manual. Flavors: r-devel-linux-x86_64-debian-gcc, r-devel-linux-x86_64-fedora-gcc, r-release-linux-x86_64

Version: 1.1.2
Check: whether package can be installed
Result: ERROR Installation failed. Flavor: r-devel-windows-x86_64