CRAN Package Check Results for Package Spectran

Last updated on 2024-04-16 01:02:17 CEST.

Flavor Version Tinstall Tcheck Ttotal Status Flags
r-devel-linux-x86_64-debian-clang 1.0.3 9.94 47.37 57.31 NOTE
r-devel-linux-x86_64-debian-gcc 1.0.3 6.27 35.17 41.44 NOTE
r-devel-linux-x86_64-fedora-clang 1.0.3 75.86 NOTE
r-devel-linux-x86_64-fedora-gcc 1.0.3 71.37 NOTE
r-prerel-macos-arm64 1.0.3 26.00 NOTE
r-prerel-windows-x86_64 1.0.3 9.00 56.00 65.00 OK
r-patched-linux-x86_64 1.0.3 8.55 46.07 54.62 NOTE
r-release-linux-x86_64 1.0.3 4.88 45.17 50.05 NOTE
r-release-macos-arm64 1.0.3 24.00 OK
r-release-macos-x86_64 1.0.3 42.00 OK
r-release-windows-x86_64 1.0.3 11.00 59.00 70.00 OK
r-oldrel-macos-arm64 1.0.3 28.00 OK
r-oldrel-windows-x86_64 1.0.3 11.00 59.00 70.00 WARN

Check Details

Version: 1.0.3
Check: package dependencies
Result: NOTE Package suggested but not available for checking: ‘cooltools’ Flavors: r-devel-linux-x86_64-debian-clang, r-devel-linux-x86_64-debian-gcc, r-devel-linux-x86_64-fedora-gcc, r-prerel-macos-arm64, r-patched-linux-x86_64, r-release-linux-x86_64

Version: 1.0.3
Check: Rd cross-references
Result: NOTE Unknown package ‘cooltools’ in Rd xrefs Flavors: r-devel-linux-x86_64-debian-clang, r-devel-linux-x86_64-debian-gcc, r-devel-linux-x86_64-fedora-clang, r-devel-linux-x86_64-fedora-gcc, r-prerel-macos-arm64, r-patched-linux-x86_64, r-release-linux-x86_64

Version: 1.0.3
Check: package dependencies
Result: NOTE Package suggested but not available for checking: ‘cooltools’ Imports includes 35 non-default packages. Importing from so many packages makes the package vulnerable to any of them becoming unavailable. Move as many as possible to Suggests and use conditionally. Flavor: r-devel-linux-x86_64-fedora-clang

Version: 1.0.3
Check: data for non-ASCII characters
Result: NOTE Note: found 17 marked UTF-8 strings Flavors: r-devel-linux-x86_64-fedora-clang, r-devel-linux-x86_64-fedora-gcc

Version: 1.0.3
Check: R files for syntax errors
Result: WARN Warnings in file 'R/import_csv_settings.R': unable to translate '(W/m<U+00B2>*nm)' to native encoding unable to translate '(mW/m<U+00B2>*nm)' to native encoding Flavor: r-oldrel-windows-x86_64