CRAN Package Check Results for Package StepwiseTest

Last updated on 2023-12-07 23:10:22 CET.

Flavor Version Tinstall Tcheck Ttotal Status Flags
r-devel-linux-x86_64-debian-clang 1.0 33.31 26.20 59.51 OK
r-devel-linux-x86_64-debian-gcc 1.0 23.09 20.63 43.72 OK
r-devel-linux-x86_64-fedora-clang 1.0 93.30 NOTE
r-devel-linux-x86_64-fedora-gcc 1.0 85.75 NOTE
r-devel-windows-x86_64 1.0 27.00 60.00 87.00 OK
r-patched-linux-x86_64 1.0 28.99 26.60 55.59 OK
r-release-linux-x86_64 1.0 28.65 26.15 54.80 OK
r-release-macos-arm64 1.0 29.00 OK
r-release-macos-x86_64 1.0 42.00 OK
r-release-windows-x86_64 1.0 41.00 72.00 113.00 OK
r-oldrel-macos-arm64 1.0 26.00 OK
r-oldrel-macos-x86_64 1.0 33.00 OK
r-oldrel-windows-x86_64 1.0 31.00 66.00 97.00 OK

Check Details

Version: 1.0
Check: compiled code
Result: NOTE File ‘StepwiseTest/libs/StepwiseTest.so’: Found no calls to: ‘R_registerRoutines’, ‘R_useDynamicSymbols’ It is good practice to register native routines and to disable symbol search. See ‘Writing portable packages’ in the ‘Writing R Extensions’ manual. Flavors: r-devel-linux-x86_64-fedora-clang, r-devel-linux-x86_64-fedora-gcc