CRAN Package Check Results for Package Strategy

Last updated on 2024-07-20 21:56:16 CEST.

Flavor Version Tinstall Tcheck Ttotal Status Flags
r-devel-linux-x86_64-debian-clang 1.0.1 9.86 51.85 61.71 NOTE
r-devel-linux-x86_64-debian-gcc 1.0.1 6.71 39.69 46.40 NOTE
r-devel-linux-x86_64-fedora-clang 1.0.1 79.54 NOTE
r-devel-linux-x86_64-fedora-gcc 1.0.1 98.52 NOTE
r-devel-windows-x86_64 1.0.1 9.00 65.00 74.00 OK
r-patched-linux-x86_64 1.0.1 10.09 51.60 61.69 NOTE
r-release-linux-x86_64 1.0.1 9.51 50.89 60.40 NOTE
r-release-macos-arm64 1.0.1 34.00 OK
r-release-macos-x86_64 1.0.1 54.00 OK
r-release-windows-x86_64 1.0.1 9.00 63.00 72.00 OK
r-oldrel-macos-arm64 1.0.1 35.00 OK
r-oldrel-macos-x86_64 1.0.1 53.00 OK
r-oldrel-windows-x86_64 1.0.1 11.00 71.00 82.00 OK

Check Details

Version: 1.0.1
Check: for non-standard things in the check directory
Result: NOTE Found the following files/directories: ‘myNewStrat.R’ Flavors: r-devel-linux-x86_64-debian-clang, r-devel-linux-x86_64-debian-gcc, r-devel-linux-x86_64-fedora-clang, r-devel-linux-x86_64-fedora-gcc, r-patched-linux-x86_64, r-release-linux-x86_64