Last updated on 2023-12-07 23:10:22 CET.
Flavor | Version | Tinstall | Tcheck | Ttotal | Status | Flags |
---|---|---|---|---|---|---|
r-devel-linux-x86_64-debian-clang | 1.0.1 | 8.46 | 50.08 | 58.54 | NOTE | |
r-devel-linux-x86_64-debian-gcc | 1.0.1 | 8.07 | 38.50 | 46.57 | NOTE | |
r-devel-linux-x86_64-fedora-clang | 1.0.1 | 75.42 | NOTE | |||
r-devel-linux-x86_64-fedora-gcc | 1.0.1 | 89.40 | NOTE | |||
r-devel-windows-x86_64 | 1.0.1 | 10.00 | 63.00 | 73.00 | OK | |
r-patched-linux-x86_64 | 1.0.1 | 8.97 | 49.43 | 58.40 | NOTE | |
r-release-linux-x86_64 | 1.0.1 | 7.88 | 48.66 | 56.54 | NOTE | |
r-release-macos-arm64 | 1.0.1 | 35.00 | OK | |||
r-release-macos-x86_64 | 1.0.1 | 53.00 | OK | |||
r-release-windows-x86_64 | 1.0.1 | 12.00 | 70.00 | 82.00 | OK | |
r-oldrel-macos-arm64 | 1.0.1 | 30.00 | OK | |||
r-oldrel-macos-x86_64 | 1.0.1 | 37.00 | OK | |||
r-oldrel-windows-x86_64 | 1.0.1 | 13.00 | 69.00 | 82.00 | OK |
Version: 1.0.1
Check: for non-standard things in the check directory
Result: NOTE
Found the following files/directories:
‘myNewStrat.R’
Flavors: r-devel-linux-x86_64-debian-clang, r-devel-linux-x86_64-debian-gcc, r-devel-linux-x86_64-fedora-clang, r-devel-linux-x86_64-fedora-gcc, r-patched-linux-x86_64, r-release-linux-x86_64