CRAN Package Check Results for Package TPLSr

Last updated on 2024-02-24 21:40:36 CET.

Flavor Version Tinstall Tcheck Ttotal Status Flags
r-devel-linux-x86_64-debian-clang 1.0.4 30.72 81.97 112.69 OK
r-devel-linux-x86_64-debian-gcc 1.0.4 26.54 65.04 91.58 OK
r-devel-linux-x86_64-fedora-clang 1.0.4 140.93 OK
r-devel-linux-x86_64-fedora-gcc 1.0.4 150.70 OK
r-devel-windows-x86_64 1.0.4 30.00 86.00 116.00 OK
r-patched-linux-x86_64 1.0.4 27.86 81.27 109.13 OK
r-release-linux-x86_64 1.0.4 23.07 81.85 104.92 OK
r-release-macos-arm64 1.0.4 70.00 NOTE
r-release-macos-x86_64 1.0.4 101.00 NOTE
r-release-windows-x86_64 1.0.4 39.00 234.00 273.00 OK
r-oldrel-macos-arm64 1.0.4 63.00 NOTE
r-oldrel-windows-x86_64 1.0.4 39.00 99.00 138.00 OK

Check Details

Version: 1.0.4
Check: installed package size
Result: NOTE installed size is 5.3Mb sub-directories of 1Mb or more: data 5.1Mb Flavors: r-release-macos-arm64, r-release-macos-x86_64, r-oldrel-macos-arm64