Last updated on 2023-12-02 23:14:03 CET.
Flavor | Version | Tinstall | Tcheck | Ttotal | Status | Flags |
---|---|---|---|---|---|---|
r-devel-linux-x86_64-debian-clang | 1.3.1 | 11.80 | 118.48 | 130.28 | NOTE | |
r-devel-linux-x86_64-debian-gcc | 1.3.1 | 10.75 | 89.13 | 99.88 | NOTE | |
r-devel-linux-x86_64-fedora-clang | 1.3.1 | 161.31 | NOTE | |||
r-devel-linux-x86_64-fedora-gcc | 1.3.1 | 158.86 | NOTE | |||
r-devel-windows-x86_64 | 1.3.1 | 13.00 | 253.00 | 266.00 | OK | |
r-patched-linux-x86_64 | 1.3.1 | 13.89 | 116.44 | 130.33 | OK | |
r-release-linux-x86_64 | 1.3.1 | 12.77 | 114.08 | 126.85 | OK | |
r-release-macos-arm64 | 1.3.1 | 52.00 | OK | |||
r-release-macos-x86_64 | 1.3.1 | 84.00 | OK | |||
r-release-windows-x86_64 | 1.3.1 | 16.00 | 367.00 | 383.00 | OK | |
r-oldrel-macos-arm64 | 1.3.1 | 51.00 | NOTE | |||
r-oldrel-macos-x86_64 | 1.3.1 | 72.00 | NOTE | |||
r-oldrel-windows-x86_64 | 1.3.1 | 19.00 | 344.00 | 363.00 | OK |
Version: 1.3.1
Check: Rd files
Result: NOTE
checkRd: (-1) summary.armasubsets.Rd:16: Lost braces
16 | \item{matrix.logical}{With matrix=TRUE, the matrix is logical TRUE/FALSE or string "*"/code{" "}}
| ^
Flavors: r-devel-linux-x86_64-debian-clang, r-devel-linux-x86_64-debian-gcc
Version: 1.3.1
Check: dependencies in R code
Result: NOTE
Namespace in Imports field not imported from: ‘tseries’
All declared Imports should be used.
Flavors: r-devel-linux-x86_64-fedora-clang, r-devel-linux-x86_64-fedora-gcc, r-oldrel-macos-arm64, r-oldrel-macos-x86_64