Last updated on 2023-12-09 06:02:23 CET.
Flavor | Version | Tinstall | Tcheck | Ttotal | Status | Flags |
---|---|---|---|---|---|---|
r-devel-linux-x86_64-debian-clang | 3.7.1 | 16.05 | 128.51 | 144.56 | NOTE | |
r-devel-linux-x86_64-debian-gcc | 3.7.1 | 12.42 | 96.42 | 108.84 | NOTE | |
r-devel-linux-x86_64-fedora-clang | 3.7.1 | 176.10 | OK | |||
r-devel-linux-x86_64-fedora-gcc | 3.7.1 | 171.18 | OK | |||
r-devel-windows-x86_64 | 3.7.1 | 17.00 | 301.00 | 318.00 | OK | |
r-patched-linux-x86_64 | 3.7.1 | 13.26 | 122.89 | 136.15 | OK | |
r-release-linux-x86_64 | 3.7.1 | 11.03 | 122.76 | 133.79 | OK | |
r-release-macos-arm64 | 3.7.1 | 51.00 | OK | |||
r-release-macos-x86_64 | 3.7.1 | 112.00 | OK | |||
r-release-windows-x86_64 | 3.7.1 | 21.00 | 377.00 | 398.00 | OK | |
r-oldrel-macos-arm64 | 3.7.1 | 84.00 | OK | |||
r-oldrel-macos-x86_64 | 3.7.1 | 122.00 | OK | |||
r-oldrel-windows-x86_64 | 3.7.1 | 21.00 | 144.00 | 165.00 | OK |
Version: 3.7.1
Check: Rd files
Result: NOTE
checkRd: (-1) example.database2.Rd:18: Lost braces in \itemize; meant \describe ?
checkRd: (-1) example.database2.Rd:19: Lost braces in \itemize; meant \describe ?
checkRd: (-1) example.database3.Rd:18: Lost braces in \itemize; meant \describe ?
checkRd: (-1) example.database3.Rd:19: Lost braces in \itemize; meant \describe ?
Flavors: r-devel-linux-x86_64-debian-clang, r-devel-linux-x86_64-debian-gcc