CRAN Package Check Results for Package TSstudio

Last updated on 2023-11-28 09:52:13 CET.

Flavor Version Tinstall Tcheck Ttotal Status Flags
r-devel-linux-x86_64-debian-clang 0.1.7 10.29 91.77 102.06 OK
r-devel-linux-x86_64-debian-gcc 0.1.7 7.61 68.09 75.70 OK
r-devel-linux-x86_64-fedora-clang 0.1.7 126.09 NOTE
r-devel-linux-x86_64-fedora-gcc 0.1.7 135.37 NOTE
r-devel-windows-x86_64 0.1.7 10.00 92.00 102.00 OK
r-patched-linux-x86_64 0.1.7 9.75 88.59 98.34 OK
r-release-linux-x86_64 0.1.7 6.00 87.21 93.21 OK
r-release-macos-arm64 0.1.7 41.00 OK
r-release-macos-x86_64 0.1.7 98.00 OK
r-release-windows-x86_64 0.1.7 14.00 219.00 233.00 OK
r-oldrel-macos-arm64 0.1.7 38.00 OK
r-oldrel-macos-x86_64 0.1.7 57.00 OK
r-oldrel-windows-x86_64 0.1.7 14.00 206.00 220.00 OK

Check Details

Version: 0.1.7
Check: dependencies in R code
Result: NOTE Namespace in Imports field not imported from: ‘forecastHybrid’ All declared Imports should be used. Flavors: r-devel-linux-x86_64-fedora-clang, r-devel-linux-x86_64-fedora-gcc