CRAN Package Check Results for Package TableMonster

Last updated on 2024-04-12 00:04:16 CEST.

Flavor Version Tinstall Tcheck Ttotal Status Flags
r-devel-linux-x86_64-debian-clang 1.7 2.89 25.15 28.04 NOTE
r-devel-linux-x86_64-debian-gcc 1.7 1.97 19.49 21.46 NOTE
r-devel-linux-x86_64-fedora-clang 1.7 36.16 NOTE
r-devel-linux-x86_64-fedora-gcc 1.7 34.08 NOTE
r-devel-windows-x86_64 1.7 3.00 47.00 50.00 NOTE
r-patched-linux-x86_64 1.7 2.35 24.33 26.68 NOTE
r-release-linux-x86_64 1.7 2.36 24.92 27.28 NOTE
r-release-macos-arm64 1.7 16.00 NOTE
r-release-macos-x86_64 1.7 21.00 NOTE
r-release-windows-x86_64 1.7 3.00 45.00 48.00 NOTE
r-oldrel-macos-arm64 1.7 16.00 OK
r-oldrel-windows-x86_64 1.7 4.00 50.00 54.00 OK

Check Details

Version: 1.7
Check: Rd files
Result: NOTE checkRd: (-1) tmCtypes.Rd:22: Escaped LaTeX specials: \# Flavors: r-devel-linux-x86_64-debian-clang, r-devel-linux-x86_64-debian-gcc, r-devel-linux-x86_64-fedora-clang, r-devel-linux-x86_64-fedora-gcc, r-devel-windows-x86_64, r-patched-linux-x86_64, r-release-linux-x86_64, r-release-macos-arm64, r-release-macos-x86_64, r-release-windows-x86_64