Last updated on 2023-09-02 22:58:26 CEST.
Flavor | Version | Tinstall | Tcheck | Ttotal | Status | Flags |
---|---|---|---|---|---|---|
r-devel-linux-x86_64-debian-clang | 1.2.3 | 31.23 | 65.59 | 96.82 | NOTE | |
r-devel-linux-x86_64-debian-gcc | 1.2.3 | 23.02 | 51.05 | 74.07 | NOTE | |
r-devel-linux-x86_64-fedora-clang | 1.2.3 | 129.17 | NOTE | |||
r-devel-linux-x86_64-fedora-gcc | 1.2.3 | 137.83 | NOTE | |||
r-devel-windows-x86_64 | 1.2.3 | 26.00 | 130.00 | 156.00 | NOTE | |
r-patched-linux-x86_64 | 1.2.3 | 31.14 | 65.85 | 96.99 | NOTE | |
r-release-linux-x86_64 | 1.2.3 | 30.12 | 63.84 | 93.96 | NOTE | |
r-release-macos-arm64 | 1.2.3 | 54.00 | NOTE | |||
r-release-macos-x86_64 | 1.2.3 | 65.00 | NOTE | |||
r-release-windows-x86_64 | 1.2.3 | 32.00 | 210.00 | 242.00 | NOTE | |
r-oldrel-macos-arm64 | 1.2.3 | 44.00 | OK | |||
r-oldrel-macos-x86_64 | 1.2.3 | 51.00 | OK | |||
r-oldrel-windows-x86_64 | 1.2.3 | 30.00 | 251.00 | 281.00 | OK |
Version: 1.2.3
Check: C++ specification
Result: NOTE
Specified C++11: please drop specification unless essential
Flavors: r-devel-linux-x86_64-debian-clang, r-devel-linux-x86_64-debian-gcc, r-devel-linux-x86_64-fedora-clang, r-devel-linux-x86_64-fedora-gcc, r-devel-windows-x86_64, r-patched-linux-x86_64, r-release-linux-x86_64, r-release-macos-arm64, r-release-macos-x86_64, r-release-windows-x86_64
Version: 1.2.3
Check: Rd \usage sections
Result: NOTE
Documented arguments not in \usage in documentation object ‘CompileLatexDir’:
‘engine:’ ‘compile.dir:’
Documented arguments not in \usage in documentation object ‘GetLayerSampleIndexes’:
‘NamesOfListToSample’ ‘isRandomized’
Functions with \usage entries need to have the appropriate \alias
entries, and all their arguments documented.
The \usage entries must correspond to syntactically valid R code.
See chapter ‘Writing R documentation files’ in the ‘Writing R
Extensions’ manual.
Flavors: r-devel-linux-x86_64-debian-clang, r-devel-linux-x86_64-debian-gcc, r-devel-linux-x86_64-fedora-clang, r-devel-linux-x86_64-fedora-gcc, r-devel-windows-x86_64