CRAN Package Check Results for Package UCSCXenaShiny

Last updated on 2024-02-22 21:51:57 CET.

Flavor Version Tinstall Tcheck Ttotal Status Flags
r-devel-linux-x86_64-debian-clang 1.1.10 OK
r-devel-linux-x86_64-debian-gcc 1.1.10 11.35 72.62 83.97 OK
r-devel-linux-x86_64-fedora-clang 1.1.10 142.79 NOTE
r-devel-linux-x86_64-fedora-gcc 1.1.10 147.32 OK
r-devel-windows-x86_64 1.1.10 16.00 238.00 254.00 NOTE
r-patched-linux-x86_64 1.1.10 13.45 105.21 118.66 OK
r-release-linux-x86_64 1.1.10 13.14 105.30 118.44 OK
r-release-macos-arm64 1.1.10 59.00 NOTE
r-release-macos-x86_64 1.1.10 85.00 NOTE
r-release-windows-x86_64 1.1.10 22.00 152.00 174.00 NOTE
r-oldrel-macos-arm64 1.1.10 38.00 NOTE
r-oldrel-windows-x86_64 1.1.10 24.00 152.00 176.00 NOTE

Check Details

Version: 1.1.10
Check: installed package size
Result: NOTE installed size is 6.8Mb sub-directories of 1Mb or more: doc 1.4Mb shinyapp 3.4Mb Flavors: r-devel-linux-x86_64-fedora-clang, r-devel-windows-x86_64, r-release-macos-arm64, r-release-macos-x86_64, r-release-windows-x86_64, r-oldrel-macos-arm64, r-oldrel-windows-x86_64