CRAN Package Check Results for Package USgas

Last updated on 2024-02-26 23:03:56 CET.

Flavor Version Tinstall Tcheck Ttotal Status Flags
r-devel-linux-x86_64-debian-clang 0.1.2 3.20 31.00 34.20 OK
r-devel-linux-x86_64-debian-gcc 0.1.2 2.64 23.37 26.01 OK
r-devel-linux-x86_64-fedora-clang 0.1.2 42.55 NOTE
r-devel-linux-x86_64-fedora-gcc 0.1.2 54.89 OK
r-devel-windows-x86_64 0.1.2 4.00 45.00 49.00 NOTE
r-patched-linux-x86_64 0.1.2 3.13 30.03 33.16 OK
r-release-linux-x86_64 0.1.2 3.70 28.89 32.59 OK
r-release-macos-arm64 0.1.2 36.00 NOTE
r-release-macos-x86_64 0.1.2 56.00 NOTE
r-release-windows-x86_64 0.1.2 4.00 64.00 68.00 NOTE
r-oldrel-macos-arm64 0.1.2 23.00 NOTE
r-oldrel-windows-x86_64 0.1.2 7.00 75.00 82.00 NOTE

Check Details

Version: 0.1.2
Check: installed package size
Result: NOTE installed size is 5.3Mb sub-directories of 1Mb or more: doc 3.8Mb Flavors: r-devel-linux-x86_64-fedora-clang, r-devel-windows-x86_64, r-release-macos-arm64, r-release-macos-x86_64, r-release-windows-x86_64, r-oldrel-macos-arm64, r-oldrel-windows-x86_64