CRAN Package Check Results for Package VGAM

Last updated on 2024-02-26 23:03:56 CET.

Flavor Version Tinstall Tcheck Ttotal Status Flags
r-devel-linux-x86_64-debian-clang 1.1-9 114.77 727.47 842.24 WARN
r-devel-linux-x86_64-debian-gcc 1.1-9 89.28 516.61 605.89 WARN
r-devel-linux-x86_64-fedora-clang 1.1-9 999.21 WARN
r-devel-linux-x86_64-fedora-gcc 1.1-9 1025.98 WARN
r-devel-windows-x86_64 1.1-9 104.00 620.00 724.00 WARN
r-patched-linux-x86_64 1.1-9 150.20 719.81 870.01 WARN
r-release-linux-x86_64 1.1-9 107.32 699.81 807.13 WARN
r-release-macos-arm64 1.1-9 231.00 WARN
r-release-macos-x86_64 1.1-9 704.00 WARN
r-release-windows-x86_64 1.1-9 119.00 798.00 917.00 WARN
r-oldrel-macos-arm64 1.1-9 213.00 WARN
r-oldrel-windows-x86_64 1.1-9 152.00 716.00 868.00 WARN

Check Details

Version: 1.1-9
Check: whether package can be installed
Result: WARN Found the following significant warnings: Warning in is.R() : 'is.R' is deprecated. See ‘/home/hornik/tmp/R.check/r-devel-clang/Work/PKGS/VGAM.Rcheck/00install.out’ for details. * used C compiler: ‘Debian clang version 17.0.6 (5)’ * used Fortran compiler: ‘Debian flang-new version 17.0.6 (5)’ Flavor: r-devel-linux-x86_64-debian-clang

Version: 1.1-9
Check: Rd files
Result: NOTE checkRd: (-1) CommonVGAMffArguments.Rd:597: Lost braces 597 | Changes relating to the code{lss} argument have very important | ^ checkRd: (-1) ucberk.Rd:20: Lost braces 20 | called \code{A}, code{B}, \dots, code{F}. | ^ checkRd: (-1) ucberk.Rd:20: Lost braces 20 | called \code{A}, code{B}, \dots, code{F}. | ^ Flavors: r-devel-linux-x86_64-debian-clang, r-devel-linux-x86_64-debian-gcc, r-devel-linux-x86_64-fedora-clang, r-devel-linux-x86_64-fedora-gcc

Version: 1.1-9
Check: whether package can be installed
Result: WARN Found the following significant warnings: Warning in is.R() : 'is.R' is deprecated. See ‘/home/hornik/tmp/R.check/r-devel-gcc/Work/PKGS/VGAM.Rcheck/00install.out’ for details. * used C compiler: ‘gcc-13 (Debian 13.2.0-13) 13.2.0’ * used Fortran compiler: ‘GNU Fortran (Debian 13.2.0-13) 13.2.0’ Flavor: r-devel-linux-x86_64-debian-gcc

Version: 1.1-9
Check: whether package can be installed
Result: WARN Found the following significant warnings: Warning in is.R() : 'is.R' is deprecated. See ‘/data/gannet/ripley/R/packages/tests-clang/VGAM.Rcheck/00install.out’ for details. * used C compiler: ‘clang version 18.1.0rc’ * used Fortran compiler: ‘flang-new version 18.1.0rc’ Flavor: r-devel-linux-x86_64-fedora-clang

Version: 1.1-9
Check: installed package size
Result: NOTE installed size is 8.1Mb sub-directories of 1Mb or more: R 4.1Mb help 3.1Mb Flavors: r-devel-linux-x86_64-fedora-clang, r-devel-windows-x86_64, r-release-macos-arm64, r-release-macos-x86_64, r-release-windows-x86_64, r-oldrel-macos-arm64, r-oldrel-windows-x86_64

Version: 1.1-9
Check: whether package can be installed
Result: WARN Found the following significant warnings: Warning in is.R() : 'is.R' is deprecated. See ‘/data/gannet/ripley/R/packages/tests-devel/VGAM.Rcheck/00install.out’ for details. * used C compiler: ‘gcc-13 (GCC) 13.2.0’ * used Fortran compiler: ‘GNU Fortran (GCC) 13.2.0’ Flavor: r-devel-linux-x86_64-fedora-gcc

Version: 1.1-9
Check: whether package can be installed
Result: WARN Found the following significant warnings: Warning in is.R() : 'is.R' is deprecated. See 'd:/Rcompile/CRANpkg/local/4.4/VGAM.Rcheck/00install.out' for details. * used C compiler: 'gcc.exe (GCC) 12.3.0' * used Fortran compiler: 'GNU Fortran (GCC) 12.3.0' Flavor: r-devel-windows-x86_64

Version: 1.1-9
Check: Rd cross-references
Result: WARN Missing link or links in documentation object 'profilevglm.Rd': ‘[stats]{plot.profile}’ See section 'Cross-references' in the 'Writing R Extensions' manual. Flavors: r-patched-linux-x86_64, r-release-linux-x86_64, r-release-macos-arm64, r-release-macos-x86_64, r-release-windows-x86_64, r-oldrel-macos-arm64, r-oldrel-windows-x86_64