CRAN Package Check Results for Package XKCDdata

Last updated on 2024-07-22 22:56:39 CEST.

Flavor Version Tinstall Tcheck Ttotal Status Flags
r-devel-linux-x86_64-debian-clang 0.1.0 4.91 42.33 47.24 NOTE
r-devel-linux-x86_64-debian-gcc 0.1.0 3.31 31.98 35.29 NOTE
r-devel-linux-x86_64-fedora-clang 0.1.0 57.92 NOTE
r-devel-linux-x86_64-fedora-gcc 0.1.0 54.92 NOTE
r-devel-windows-x86_64 0.1.0 6.00 52.00 58.00 NOTE
r-patched-linux-x86_64 0.1.0 3.41 40.59 44.00 NOTE
r-release-linux-x86_64 0.1.0 3.29 40.25 43.54 NOTE
r-release-macos-arm64 0.1.0 23.00 NOTE
r-release-macos-x86_64 0.1.0 32.00 NOTE
r-release-windows-x86_64 0.1.0 5.00 53.00 58.00 NOTE
r-oldrel-macos-arm64 0.1.0 22.00 NOTE
r-oldrel-macos-x86_64 0.1.0 32.00 NOTE
r-oldrel-windows-x86_64 0.1.0 6.00 57.00 63.00 NOTE

Check Details

Version: 0.1.0
Check: LazyData
Result: NOTE 'LazyData' is specified without a 'data' directory Flavors: r-devel-linux-x86_64-debian-clang, r-devel-linux-x86_64-debian-gcc, r-devel-linux-x86_64-fedora-clang, r-devel-linux-x86_64-fedora-gcc, r-devel-windows-x86_64, r-patched-linux-x86_64, r-release-linux-x86_64, r-release-macos-arm64, r-release-macos-x86_64, r-release-windows-x86_64, r-oldrel-macos-arm64, r-oldrel-macos-x86_64, r-oldrel-windows-x86_64

Version: 0.1.0
Check: dependencies in R code
Result: NOTE Namespace in Imports field not imported from: ‘tibble’ All declared Imports should be used. Flavors: r-devel-linux-x86_64-fedora-clang, r-devel-linux-x86_64-fedora-gcc