CRAN Package Check Results for Package aRtsy

Last updated on 2024-04-24 00:55:36 CEST.

Flavor Version Tinstall Tcheck Ttotal Status Flags
r-devel-linux-x86_64-debian-clang 0.2.4 325.73 145.32 471.05 OK
r-devel-linux-x86_64-debian-gcc 0.2.4 220.70 98.88 319.58 OK
r-devel-linux-x86_64-fedora-clang 0.2.4 652.25 OK
r-devel-linux-x86_64-fedora-gcc 0.2.4 615.78 OK
r-prerel-macos-arm64 0.2.4 131.00 NOTE
r-prerel-windows-x86_64 0.2.4 221.00 214.00 435.00 OK
r-patched-linux-x86_64 0.2.4 285.51 130.99 416.50 OK
r-release-linux-x86_64 0.2.4 279.31 132.13 411.44 OK
r-release-macos-arm64 0.2.4 133.00 NOTE
r-release-macos-x86_64 0.2.4 152.00 NOTE
r-release-windows-x86_64 0.2.4 278.00 184.00 462.00 OK
r-oldrel-macos-arm64 0.2.4 133.00 NOTE
r-oldrel-windows-x86_64 0.2.4 271.00 169.00 440.00 OK

Check Details

Version: 0.2.4
Check: installed package size
Result: NOTE installed size is 5.8Mb sub-directories of 1Mb or more: libs 5.3Mb Flavors: r-prerel-macos-arm64, r-release-macos-arm64, r-release-macos-x86_64, r-oldrel-macos-arm64