CRAN Package Check Results for Package aceEditor

Last updated on 2024-07-22 22:56:17 CEST.

Flavor Version Tinstall Tcheck Ttotal Status Flags
r-devel-linux-x86_64-debian-clang 1.0.1 4.82 30.16 34.98 NOTE
r-devel-linux-x86_64-debian-gcc 1.0.1 2.92 23.48 26.40 NOTE
r-devel-linux-x86_64-fedora-clang 1.0.1 44.40 NOTE
r-devel-linux-x86_64-fedora-gcc 1.0.1 40.29 NOTE
r-devel-windows-x86_64 1.0.1 7.00 45.00 52.00 NOTE
r-patched-linux-x86_64 1.0.1 4.69 28.88 33.57 NOTE
r-release-linux-x86_64 1.0.1 4.64 29.02 33.66 NOTE
r-release-macos-arm64 1.0.1 20.00 NOTE
r-release-macos-x86_64 1.0.1 26.00 NOTE
r-release-windows-x86_64 1.0.1 5.00 46.00 51.00 NOTE
r-oldrel-macos-arm64 1.0.1 19.00 NOTE
r-oldrel-macos-x86_64 1.0.1 25.00 NOTE
r-oldrel-windows-x86_64 1.0.1 6.00 48.00 54.00 NOTE

Check Details

Version: 1.0.1
Check: LazyData
Result: NOTE 'LazyData' is specified without a 'data' directory Flavors: r-devel-linux-x86_64-debian-clang, r-devel-linux-x86_64-debian-gcc, r-devel-linux-x86_64-fedora-clang, r-devel-linux-x86_64-fedora-gcc, r-devel-windows-x86_64, r-patched-linux-x86_64, r-release-linux-x86_64, r-release-macos-arm64, r-release-macos-x86_64, r-release-windows-x86_64, r-oldrel-macos-arm64, r-oldrel-macos-x86_64, r-oldrel-windows-x86_64

Version: 1.0.1
Check: installed package size
Result: NOTE installed size is 11.8Mb sub-directories of 1Mb or more: htmlwidgets 11.6Mb Flavors: r-devel-linux-x86_64-fedora-clang, r-devel-windows-x86_64, r-release-macos-arm64, r-release-macos-x86_64, r-release-windows-x86_64, r-oldrel-macos-arm64, r-oldrel-macos-x86_64, r-oldrel-windows-x86_64