CRAN Package Check Results for Package adjustedCurves

Last updated on 2024-02-26 23:03:32 CET.

Flavor Version Tinstall Tcheck Ttotal Status Flags
r-devel-linux-x86_64-debian-clang 0.11.0 14.35 633.39 647.74 OK
r-devel-linux-x86_64-debian-gcc 0.11.0 10.54 488.18 498.72 OK
r-devel-linux-x86_64-fedora-clang 0.11.0 827.18 NOTE
r-devel-linux-x86_64-fedora-gcc 0.11.0 885.10 OK
r-devel-windows-x86_64 0.11.0 12.00 484.00 496.00 OK
r-patched-linux-x86_64 0.11.0 14.30 622.30 636.60 OK
r-release-linux-x86_64 0.11.0 14.17 665.39 679.56 OK
r-release-macos-arm64 0.11.0 198.00 OK
r-release-macos-x86_64 0.11.0 468.00 OK
r-release-windows-x86_64 0.11.0 15.00 670.00 685.00 OK
r-oldrel-macos-arm64 0.11.0 206.00 OK
r-oldrel-windows-x86_64 0.11.0 19.00 698.00 717.00 OK

Check Details

Version: 0.11.0
Check: Rd cross-references
Result: NOTE Undeclared packages ‘timereg’, ‘rms’, ‘ranger’ in Rd xrefs Flavor: r-devel-linux-x86_64-fedora-clang