CRAN Package Check Results for Package anytime

Last updated on 2024-02-22 21:51:34 CET.

Flavor Version Tinstall Tcheck Ttotal Status Flags
r-devel-linux-x86_64-debian-clang 0.3.9 NOTE
r-devel-linux-x86_64-debian-gcc 0.3.9 19.22 29.41 48.63 NOTE
r-devel-linux-x86_64-fedora-clang 0.3.9 84.11 NOTE
r-devel-linux-x86_64-fedora-gcc 0.3.9 95.79 NOTE
r-devel-windows-x86_64 0.3.9 27.00 86.00 113.00 NOTE
r-patched-linux-x86_64 0.3.9 23.74 37.48 61.22 NOTE
r-release-linux-x86_64 0.3.9 25.13 36.80 61.93 NOTE
r-release-macos-arm64 0.3.9 38.00 NOTE
r-release-macos-x86_64 0.3.9 57.00 NOTE
r-release-windows-x86_64 0.3.9 27.00 88.00 115.00 NOTE
r-oldrel-macos-arm64 0.3.9 31.00 OK
r-oldrel-windows-x86_64 0.3.9 34.00 85.00 119.00 OK

Check Details

Version: 0.3.9
Check: C++ specification
Result: NOTE Specified C++11: please drop specification unless essential Flavors: r-devel-linux-x86_64-debian-clang, r-devel-linux-x86_64-debian-gcc, r-devel-linux-x86_64-fedora-clang, r-devel-linux-x86_64-fedora-gcc, r-devel-windows-x86_64, r-patched-linux-x86_64, r-release-linux-x86_64, r-release-macos-arm64, r-release-macos-x86_64, r-release-windows-x86_64