CRAN Package Check Results for Package apc

Last updated on 2024-02-26 23:03:33 CET.

Flavor Version Tinstall Tcheck Ttotal Status Flags
r-devel-linux-x86_64-debian-clang 2.0.0 19.79 512.70 532.49 NOTE
r-devel-linux-x86_64-debian-gcc 2.0.0 17.25 445.02 462.27 NOTE
r-devel-linux-x86_64-fedora-clang 2.0.0 638.62 NOTE
r-devel-linux-x86_64-fedora-gcc 2.0.0 739.41 NOTE
r-devel-windows-x86_64 2.0.0 19.00 496.00 515.00 OK
r-patched-linux-x86_64 2.0.0 34.29 571.15 605.44 OK
r-release-linux-x86_64 2.0.0 18.97 568.62 587.59 OK
r-release-macos-arm64 2.0.0 439.00 OK
r-release-macos-x86_64 2.0.0 724.00 OK
r-release-windows-x86_64 2.0.0 23.00 624.00 647.00 OK
r-oldrel-macos-arm64 2.0.0 355.00 NOTE
r-oldrel-windows-x86_64 2.0.0 26.00 636.00 662.00 OK

Check Details

Version: 2.0.0
Check: Rd files
Result: NOTE checkRd: (-1) apc.indiv.est.model.Rd:142: Lost braces 142 | For model testing: \code{\link{apc.indiv.model.table}}, code{\link{apc.indiv.compare.direct}}, \code{\link{waldtest}}, \code{\link{linearHypothesis}} | ^ Flavors: r-devel-linux-x86_64-debian-clang, r-devel-linux-x86_64-debian-gcc, r-devel-linux-x86_64-fedora-clang, r-devel-linux-x86_64-fedora-gcc

Version: 2.0.0
Check: dependencies in R code
Result: NOTE Namespaces in Imports field not imported from: ‘AER’ ‘ChainLadder’ ‘ISLR’ ‘ggplot2’ All declared Imports should be used. Flavors: r-devel-linux-x86_64-fedora-clang, r-devel-linux-x86_64-fedora-gcc, r-oldrel-macos-arm64