Last updated on 2023-12-02 23:13:38 CET.
Flavor | Version | Tinstall | Tcheck | Ttotal | Status | Flags |
---|---|---|---|---|---|---|
r-devel-linux-x86_64-debian-clang | 1.3.5 | 58.22 | 110.24 | 168.46 | NOTE | |
r-devel-linux-x86_64-debian-gcc | 1.3.5 | 41.81 | 82.39 | 124.20 | NOTE | |
r-devel-linux-x86_64-fedora-clang | 1.3.5 | 236.58 | NOTE | |||
r-devel-linux-x86_64-fedora-gcc | 1.3.5 | 223.73 | NOTE | |||
r-devel-windows-x86_64 | 1.3.5 | 44.00 | 114.00 | 158.00 | NOTE | |
r-patched-linux-x86_64 | 1.3.5 | 50.35 | 104.47 | 154.82 | NOTE | |
r-release-linux-x86_64 | 1.3.5 | 51.33 | 106.08 | 157.41 | NOTE | |
r-release-macos-arm64 | 1.3.5 | 63.00 | NOTE | |||
r-release-macos-x86_64 | 1.3.5 | 112.00 | NOTE | |||
r-release-windows-x86_64 | 1.3.5 | 57.00 | 137.00 | 194.00 | NOTE | |
r-oldrel-macos-arm64 | 1.3.5 | 67.00 | OK | |||
r-oldrel-macos-x86_64 | 1.3.5 | 75.00 | OK | |||
r-oldrel-windows-x86_64 | 1.3.5 | 53.00 | 129.00 | 182.00 | OK |
Version: 1.3.5
Check: C++ specification
Result: NOTE
Specified C++11: please drop specification unless essential
Flavors: r-devel-linux-x86_64-debian-clang, r-devel-linux-x86_64-debian-gcc, r-devel-linux-x86_64-fedora-clang, r-devel-linux-x86_64-fedora-gcc, r-devel-windows-x86_64, r-patched-linux-x86_64, r-release-linux-x86_64, r-release-macos-arm64, r-release-macos-x86_64, r-release-windows-x86_64