CRAN Package Check Results for Package archetyper

Last updated on 2024-04-14 22:54:12 CEST.

Flavor Version Tinstall Tcheck Ttotal Status Flags
r-devel-linux-x86_64-debian-clang 0.1.0 2.89 30.96 33.85 NOTE
r-devel-linux-x86_64-debian-gcc 0.1.0 2.15 23.97 26.12 NOTE
r-devel-linux-x86_64-fedora-clang 0.1.0 43.71 NOTE
r-devel-linux-x86_64-fedora-gcc 0.1.0 53.14 NOTE
r-devel-windows-x86_64 0.1.0 4.00 46.00 50.00 NOTE
r-patched-linux-x86_64 0.1.0 2.87 29.47 32.34 NOTE
r-release-linux-x86_64 0.1.0 1.70 27.34 29.04 NOTE
r-release-macos-arm64 0.1.0 25.00 NOTE
r-release-macos-x86_64 0.1.0 35.00 NOTE
r-release-windows-x86_64 0.1.0 5.00 47.00 52.00 NOTE
r-oldrel-macos-arm64 0.1.0 19.00 NOTE
r-oldrel-windows-x86_64 0.1.0 5.00 53.00 58.00 NOTE

Check Details

Version: 0.1.0
Check: LazyData
Result: NOTE 'LazyData' is specified without a 'data' directory Flavors: r-devel-linux-x86_64-debian-clang, r-devel-linux-x86_64-debian-gcc, r-devel-linux-x86_64-fedora-clang, r-devel-linux-x86_64-fedora-gcc, r-devel-windows-x86_64, r-patched-linux-x86_64, r-release-linux-x86_64, r-release-macos-arm64, r-release-macos-x86_64, r-release-windows-x86_64, r-oldrel-macos-arm64, r-oldrel-windows-x86_64

Version: 0.1.0
Check: dependencies in R code
Result: NOTE Namespaces in Imports field not imported from: ‘bannerCommenter’ ‘config’ ‘feather’ ‘here’ ‘knitr’ ‘log4r’ ‘ps’ ‘rmarkdown’ ‘skimr’ ‘snakecase’ ‘testthat’ ‘tidyverse’ All declared Imports should be used. Flavors: r-devel-linux-x86_64-fedora-clang, r-devel-linux-x86_64-fedora-gcc, r-oldrel-macos-arm64