Last updated on 2023-12-11 00:49:00 CET.
Flavor | Version | Tinstall | Tcheck | Ttotal | Status | Flags |
---|---|---|---|---|---|---|
r-devel-linux-x86_64-debian-clang | 1.2.3 | 14.79 | 92.49 | 107.28 | NOTE | |
r-devel-linux-x86_64-debian-gcc | 1.2.3 | 11.15 | 68.14 | 79.29 | NOTE | |
r-devel-linux-x86_64-fedora-clang | 1.2.3 | 140.91 | NOTE | |||
r-devel-linux-x86_64-fedora-gcc | 1.2.3 | 125.52 | NOTE | |||
r-devel-windows-x86_64 | 1.2.3 | 13.00 | 83.00 | 96.00 | NOTE | |
r-patched-linux-x86_64 | 1.2.3 | 13.13 | 87.29 | 100.42 | OK | |
r-release-linux-x86_64 | 1.2.3 | 15.31 | 87.79 | 103.10 | OK | |
r-release-macos-arm64 | 1.2.3 | 39.00 | OK | |||
r-release-macos-x86_64 | 1.2.3 | 61.00 | OK | |||
r-release-windows-x86_64 | 1.2.3 | 17.00 | 95.00 | 112.00 | OK | |
r-oldrel-macos-arm64 | 1.2.3 | 38.00 | OK | |||
r-oldrel-macos-x86_64 | 1.2.3 | 50.00 | OK | |||
r-oldrel-windows-x86_64 | 1.2.3 | 17.00 | 101.00 | 118.00 | OK |
Version: 1.2.3
Check: Rd contents
Result: NOTE
Argument items with no description in Rd file 'dynamac_pkg_bounds_test.Rd':
‘obs’ ‘fstat’ ‘tstat’ ‘case’ ‘k’
Flavors: r-devel-linux-x86_64-debian-clang, r-devel-linux-x86_64-debian-gcc, r-devel-linux-x86_64-fedora-clang, r-devel-linux-x86_64-fedora-gcc, r-devel-windows-x86_64